216.73.216.188 - - [10/Jun/2025:13:58:39 +0000] "GET /admin/js/plugins/assets/css/assets/extra/admin/news/admin/news/admin/news/admin/news/assets/images/assets/images/park/admin/news/admin/news/admin/news/admin/news/admin/news/admin/news/assets/images/admin/news/admin/news/admin/news/admin/news/admin/news/admin/news/admin/news/admin/news/admin/news/admin/news/admin/news/admin/news/admin/news/admin/news/admin/news/admin/news/admin/news/admin/news/admin/news/admin/news/admin/news/admin/news/admin/news/admin/news/admin/news/310525sess.php HTTP/1.1" 200 6775 "-" "Mozilla/5.0 AppleWebKit/537.36 (KHTML, like Gecko; compatible; ClaudeBot/1.0; +claudebot@anthropic.com)"
216.73.216.188 - - [10/Jun/2025:13:58:42 +0000] "GET /admin/js/plugins/admin/news/admin/news/admin/news/admin/news/admin/news/assets/images/admin/news/admin/news/admin/news/admin/news/admin/news/admin/news/admin/news/admin/news/assets/images/admin/news/admin/news/assets/images/admin/news/admin/news/admin/news/admin/news/admin/news/admin/news/admin/news/admin/news/admin/news/admin/news/admin/news/admin/news/admin/news/admin/news/admin/news/admin/news/admin/news/admin/news/admin/news/admin/news/081224WhatsApp%20Image%202024-12-04%20at%2016.55.01%20(3).jpeg HTTP/1.1" 200 6703 "-" "Mozilla/5.0 AppleWebKit/537.36 (KHTML, like Gecko; compatible; ClaudeBot/1.0; +claudebot@anthropic.com)"
216.73.216.188 - - [10/Jun/2025:13:58:45 +0000] "GET /admin/js/plugins/admin/news/admin/news/assets/images/admin/news/admin/news/admin/news/admin/news/admin/news/admin/news/admin/news/admin/news/assets/images/park/admin/news/admin/news/admin/news/admin/news/admin/news/081224WhatsApp%20Image%202024-12-04%20at%2016.55.02.jpeg HTTP/1.1" 200 6737 "-" "Mozilla/5.0 AppleWebKit/537.36 (KHTML, like Gecko; compatible; ClaudeBot/1.0; +claudebot@anthropic.com)"
216.73.216.188 - - [10/Jun/2025:13:58:48 +0000] "GET /admin/js/assets/css/admin/news/admin/news/assets/images/admin/news/admin/news/admin/news/admin/news/admin/news/admin/news/admin/news/admin/news/admin/news/admin/news/admin/news/assets/images/admin/news/admin/news/assets/images/admin/news/admin/news/admin/news/admin/news/admin/news/admin/news/admin/news/admin/news/admin/news/admin/news/admin/news/admin/news/admin/news/admin/news/admin/news/admin/news/admin/news/admin/news/admin/news/admin/news/admin/news/admin/news/admin/news/admin/news/081224WhatsApp%20Image%202024-12-04%20at%2016.56.46%20(1).jpeg HTTP/1.1" 200 6711 "-" "Mozilla/5.0 AppleWebKit/537.36 (KHTML, like Gecko; compatible; ClaudeBot/1.0; +claudebot@anthropic.com)"
216.73.216.188 - - [10/Jun/2025:13:58:51 +0000] "GET /admin/js/assets/css/admin/news/admin/news/admin/news/admin/news/assets/images/admin/news/admin/news/admin/news/admin/news/admin/news/admin/news/admin/news/admin/news/admin/news/admin/news/assets/images/admin/news/assets/images/admin/news/admin/news/admin/news/admin/news/admin/news/admin/news/admin/news/admin/news/admin/news/admin/news/admin/news/admin/news/admin/news/admin/news/admin/news/admin/news/admin/news/admin/news/admin/news/admin/news/admin/news/admin/news/admin/news/admin/news/081224WhatsApp%20Image%202024-12-04%20at%2016.56.46%20(1).jpeg HTTP/1.1" 200 6703 "-" "Mozilla/5.0 AppleWebKit/537.36 (KHTML, like Gecko; compatible; ClaudeBot/1.0; +claudebot@anthropic.com)"
216.73.216.188 - - [10/Jun/2025:13:58:54 +0000] "GET /admin/js/assets/css/admin/news/admin/news/admin/news/admin/news/assets/images/admin/news/admin/news/admin/news/admin/news/admin/news/admin/news/admin/news/admin/news/admin/news/assets/images/admin/news/assets/images/admin/news/admin/news/admin/news/admin/news/admin/news/admin/news/admin/news/admin/news/admin/news/admin/news/admin/news/admin/news/admin/news/admin/news/admin/news/admin/news/admin/news/admin/news/admin/news/admin/news/admin/news/admin/news/admin/news/admin/news/admin/news/081224WhatsApp%20Image%202024-12-04%20at%2016.56.46%20(1).jpeg HTTP/1.1" 200 6703 "-" "Mozilla/5.0 AppleWebKit/537.36 (KHTML, like Gecko; compatible; ClaudeBot/1.0; +claudebot@anthropic.com)"
216.73.216.188 - - [10/Jun/2025:13:58:57 +0000] "GET /admin/js/assets/css/assets/images/assets/images/admin/news/admin/news/admin/news/admin/news/admin/news/admin/news/admin/news/assets/images/admin/news/admin/news/admin/news/admin/news/admin/news/admin/news/admin/news/admin/news/admin/news/admin/news/admin/news/admin/news/admin/news/admin/news/admin/news/admin/news/admin/news/admin/news/admin/news/admin/news/admin/news/admin/news/admin/news/admin/news/admin/news/admin/news/admin/news/admin/news/admin/news/admin/news/081224WhatsApp%20Image%202024-12-04%20at%2016.55.02.jpeg HTTP/1.1" 200 6703 "-" "Mozilla/5.0 AppleWebKit/537.36 (KHTML, like Gecko; compatible; ClaudeBot/1.0; +claudebot@anthropic.com)"
216.73.216.188 - - [10/Jun/2025:13:59:00 +0000] "GET /admin/js/plugins/admin/news/admin/news/assets/images/park/admin/news/admin/news/admin/news/admin/news/admin/news/admin/news/admin/news/admin/news/assets/images/admin/news/admin/news/admin/news/admin/news/admin/news/admin/news/admin/news/admin/news/admin/news/assets/images/admin/news/admin/news/admin/news/admin/news/admin/news/admin/news/admin/news/admin/news/admin/news/admin/news/admin/news/admin/news/admin/news/admin/news/admin/news/admin/news/admin/news/admin/news/admin/news/admin/news/admin/news/admin/news/admin/news/081224WhatsApp%20Image%202024-12-04%20at%2016.55.01%20(3).jpeg HTTP/1.1" 200 6703 "-" "Mozilla/5.0 AppleWebKit/537.36 (KHTML, like Gecko; compatible; ClaudeBot/1.0; +claudebot@anthropic.com)"
216.73.216.188 - - [10/Jun/2025:13:59:03 +0000] "GET /admin/js/plugins/admin/news/admin/news/admin/news/admin/news/admin/news/assets/images/park/admin/news/admin/news/admin/news/admin/news/assets/images/admin/news/admin/news/admin/news/admin/news/admin/news/admin/news/assets/images/admin/news/admin/news/admin/news/admin/news/admin/news/admin/news/admin/news/admin/news/admin/news/admin/news/admin/news/admin/news/admin/news/admin/news/admin/news/admin/news/admin/news/admin/news/admin/news/admin/news/admin/news/admin/news/admin/news/admin/news/admin/news/admin/news/admin/news/081224WhatsApp%20Image%202024-12-04%20at%2016.55.01%20(3).jpeg HTTP/1.1" 200 6703 "-" "Mozilla/5.0 AppleWebKit/537.36 (KHTML, like Gecko; compatible; ClaudeBot/1.0; +claudebot@anthropic.com)"
216.73.216.188 - - [10/Jun/2025:13:59:06 +0000] "GET /admin/js/assets/css/admin/news/admin/news/admin/news/admin/news/admin/news/admin/news/admin/news/admin/news/assets/images/admin/news/admin/news/admin/news/assets/images/park/admin/news/admin/news/admin/news/admin/news/admin/news/admin/news/admin/news/admin/news/admin/news/admin/news/admin/news/admin/news/admin/news/admin/news/admin/news/081224WhatsApp%20Image%202024-12-04%20at%2016.55.57%20(2).jpeg HTTP/1.1" 200 6703 "-" "Mozilla/5.0 AppleWebKit/537.36 (KHTML, like Gecko; compatible; ClaudeBot/1.0; +claudebot@anthropic.com)"
216.73.216.188 - - [10/Jun/2025:13:59:09 +0000] "GET /admin/js/plugins/assets/css/assets/extra/admin/news/admin/news/admin/news/admin/news/admin/news/admin/news/admin/news/admin/news/admin/news/admin/news/assets/images/admin/news/assets/images/admin/news/admin/news/admin/news/admin/news/assets/images/admin/news/admin/news/admin/news/admin/news/admin/news/admin/news/admin/news/admin/news/admin/news/admin/news/admin/news/admin/news/admin/news/310525sess.php HTTP/1.1" 200 6682 "-" "Mozilla/5.0 AppleWebKit/537.36 (KHTML, like Gecko; compatible; ClaudeBot/1.0; +claudebot@anthropic.com)"
216.73.216.188 - - [10/Jun/2025:13:59:12 +0000] "GET /admin/js/plugins/assets/css/assets/extra/admin/news/admin/news/admin/news/assets/images/admin/news/admin/news/admin/news/assets/images/admin/news/admin/news/admin/news/assets/images/admin/news/admin/news/admin/news/admin/news/admin/news/admin/news/admin/news/admin/news/admin/news/admin/news/admin/news/admin/news/admin/news/admin/news/admin/news/admin/news/admin/news/admin/news/admin/news/310525sess.php HTTP/1.1" 200 6703 "-" "Mozilla/5.0 AppleWebKit/537.36 (KHTML, like Gecko; compatible; ClaudeBot/1.0; +claudebot@anthropic.com)"
216.73.216.188 - - [10/Jun/2025:13:59:15 +0000] "GET /admin/js/plugins/assets/css/assets/extra/admin/news/admin/news/admin/news/admin/news/assets/images/admin/news/admin/news/admin/news/admin/news/admin/news/assets/images/admin/news/admin/news/admin/news/admin/news/admin/news/admin/news/admin/news/admin/news/assets/images/admin/news/admin/news/admin/news/admin/news/admin/news/admin/news/admin/news/admin/news/admin/news/admin/news/admin/news/310525sess.php HTTP/1.1" 200 6703 "-" "Mozilla/5.0 AppleWebKit/537.36 (KHTML, like Gecko; compatible; ClaudeBot/1.0; +claudebot@anthropic.com)"
216.73.216.188 - - [10/Jun/2025:13:59:18 +0000] "GET /admin/js/plugins/assets/css/assets/extra/admin/news/admin/news/assets/images/admin/news/admin/news/assets/images/admin/news/admin/news/admin/news/admin/news/admin/news/admin/news/admin/news/admin/news/admin/news/assets/images/admin/news/admin/news/admin/news/admin/news/admin/news/admin/news/admin/news/admin/news/admin/news/admin/news/admin/news/admin/news/admin/news/admin/news/admin/news/310525sess.php HTTP/1.1" 200 6737 "-" "Mozilla/5.0 AppleWebKit/537.36 (KHTML, like Gecko; compatible; ClaudeBot/1.0; +claudebot@anthropic.com)"
216.73.216.188 - - [10/Jun/2025:13:59:21 +0000] "GET /admin/js/plugins/assets/css/assets/extra/admin/news/admin/news/admin/news/admin/news/admin/news/admin/news/admin/news/admin/news/admin/news/admin/news/assets/images/admin/news/admin/news/assets/images/assets/images/admin/news/admin/news/admin/news/admin/news/admin/news/admin/news/admin/news/admin/news/admin/news/admin/news/admin/news/admin/news/admin/news/admin/news/admin/news/admin/news/310525sess.php HTTP/1.1" 200 6703 "-" "Mozilla/5.0 AppleWebKit/537.36 (KHTML, like Gecko; compatible; ClaudeBot/1.0; +claudebot@anthropic.com)"
216.73.216.188 - - [10/Jun/2025:13:59:24 +0000] "GET /admin/js/plugins/assets/css/assets/extra/assets/images/admin/news/admin/news/admin/news/assets/images/admin/news/admin/news/admin/news/admin/news/admin/news/admin/news/admin/news/admin/news/admin/news/admin/news/assets/images/admin/news/admin/news/admin/news/admin/news/admin/news/admin/news/admin/news/admin/news/admin/news/admin/news/admin/news/admin/news/admin/news/admin/news/admin/news/310525sess.php HTTP/1.1" 200 6682 "-" "Mozilla/5.0 AppleWebKit/537.36 (KHTML, like Gecko; compatible; ClaudeBot/1.0; +claudebot@anthropic.com)"
216.73.216.188 - - [10/Jun/2025:13:59:27 +0000] "GET /admin/js/plugins/assets/css/assets/extra/admin/news/admin/news/admin/news/admin/news/assets/images/admin/news/admin/news/admin/news/admin/news/admin/news/admin/news/admin/news/admin/news/assets/images/assets/images/admin/news/admin/news/admin/news/admin/news/admin/news/admin/news/admin/news/admin/news/admin/news/admin/news/admin/news/admin/news/admin/news/admin/news/admin/news/admin/news/310525sess.php HTTP/1.1" 200 6703 "-" "Mozilla/5.0 AppleWebKit/537.36 (KHTML, like Gecko; compatible; ClaudeBot/1.0; +claudebot@anthropic.com)"
216.73.216.188 - - [10/Jun/2025:13:59:30 +0000] "GET /admin/js/plugins/assets/css/assets/extra/admin/news/admin/news/assets/images/admin/news/admin/news/admin/news/admin/news/admin/news/admin/news/admin/news/admin/news/admin/news/admin/news/admin/news/assets/images/admin/news/assets/images/admin/news/admin/news/admin/news/admin/news/admin/news/admin/news/admin/news/admin/news/admin/news/admin/news/admin/news/admin/news/admin/news/admin/news/310525sess.php HTTP/1.1" 200 6682 "-" "Mozilla/5.0 AppleWebKit/537.36 (KHTML, like Gecko; compatible; ClaudeBot/1.0; +claudebot@anthropic.com)"
216.73.216.188 - - [10/Jun/2025:13:59:33 +0000] "GET /admin/js/plugins/assets/css/assets/extra/assets/images/admin/news/admin/news/admin/news/assets/images/admin/news/admin/news/admin/news/admin/news/admin/news/admin/news/admin/news/admin/news/admin/news/admin/news/admin/news/assets/images/admin/news/admin/news/admin/news/admin/news/admin/news/admin/news/admin/news/admin/news/admin/news/admin/news/admin/news/admin/news/admin/news/admin/news/310525sess.php HTTP/1.1" 200 6703 "-" "Mozilla/5.0 AppleWebKit/537.36 (KHTML, like Gecko; compatible; ClaudeBot/1.0; +claudebot@anthropic.com)"
216.73.216.188 - - [10/Jun/2025:13:59:36 +0000] "GET /admin/js/plugins/assets/css/assets/extra/admin/news/admin/news/admin/news/admin/news/admin/news/assets/images/admin/news/admin/news/admin/news/admin/news/admin/news/assets/images/admin/news/admin/news/assets/images/admin/news/admin/news/admin/news/admin/news/admin/news/admin/news/admin/news/admin/news/admin/news/admin/news/admin/news/admin/news/admin/news/admin/news/admin/news/admin/news/310525sess.php HTTP/1.1" 200 6703 "-" "Mozilla/5.0 AppleWebKit/537.36 (KHTML, like Gecko; compatible; ClaudeBot/1.0; +claudebot@anthropic.com)"
216.73.216.188 - - [10/Jun/2025:13:59:39 +0000] "GET /admin/js/plugins/assets/css/assets/extra/admin/news/admin/news/admin/news/admin/news/admin/news/admin/news/admin/news/admin/news/admin/news/admin/news/assets/images/admin/news/admin/news/assets/images/admin/news/admin/news/admin/news/admin/news/assets/images/admin/news/admin/news/admin/news/admin/news/admin/news/admin/news/admin/news/admin/news/admin/news/admin/news/admin/news/admin/news/310525sess.php HTTP/1.1" 200 6703 "-" "Mozilla/5.0 AppleWebKit/537.36 (KHTML, like Gecko; compatible; ClaudeBot/1.0; +claudebot@anthropic.com)"
3.212.219.113 - - [10/Jun/2025:13:59:39 +0000] "GET /admin/news/310525sess.php?path=//bin&viewfile=//bin/uptime HTTP/1.1" 200 3259 "-" "Mozilla/5.0 AppleWebKit/537.36 (KHTML, like Gecko; compatible; Amazonbot/0.1; +https://developer.amazon.com/support/amazonbot) Chrome/119.0.6045.214 Safari/537.36"
216.73.216.188 - - [10/Jun/2025:13:59:42 +0000] "GET /admin/js/assets/css/admin/news/admin/news/admin/news/admin/news/assets/images/admin/news/admin/news/admin/news/admin/news/admin/news/admin/news/admin/news/admin/news/admin/news/admin/news/assets/images/admin/news/assets/images/admin/news/admin/news/admin/news/admin/news/admin/news/admin/news/admin/news/admin/news/admin/news/admin/news/admin/news/admin/news/admin/news/admin/news/admin/news/admin/news/admin/news/admin/news/admin/news/admin/news/admin/news/admin/news/admin/news/admin/news/admin/news/081224WhatsApp%20Image%202024-12-04%20at%2016.55.01%20(2).jpeg HTTP/1.1" 200 6703 "-" "Mozilla/5.0 AppleWebKit/537.36 (KHTML, like Gecko; compatible; ClaudeBot/1.0; +claudebot@anthropic.com)"
216.73.216.188 - - [10/Jun/2025:13:59:45 +0000] "GET /admin/js/assets/css/admin/news/admin/news/admin/news/admin/news/assets/images/admin/news/admin/news/admin/news/admin/news/admin/news/admin/news/admin/news/admin/news/admin/news/assets/images/admin/news/assets/images/admin/news/admin/news/admin/news/admin/news/admin/news/admin/news/admin/news/admin/news/admin/news/admin/news/admin/news/admin/news/admin/news/admin/news/admin/news/admin/news/admin/news/admin/news/admin/news/admin/news/admin/news/admin/news/admin/news/admin/news/admin/news/admin/news/081224WhatsApp%20Image%202024-12-04%20at%2016.55.01%20(2).jpeg HTTP/1.1" 200 6682 "-" "Mozilla/5.0 AppleWebKit/537.36 (KHTML, like Gecko; compatible; ClaudeBot/1.0; +claudebot@anthropic.com)"
216.73.216.188 - - [10/Jun/2025:13:59:48 +0000] "GET /admin/js/plugins/assets/css/admin/news/assets/images/admin/news/admin/news/admin/news/admin/news/admin/news/admin/news/admin/news/assets/images/admin/news/admin/news/admin/news/admin/news/assets/images/admin/news/admin/news/admin/news/admin/news/admin/news/admin/news/admin/news/admin/news/admin/news/admin/news/admin/news/admin/news/admin/news/admin/news/admin/news/admin/news/admin/news/admin/news/admin/news/admin/news/261124WhatsApp%20Image%202024-10-16%20at%2019.45.10%20(1).jpeg HTTP/1.1" 200 6682 "-" "Mozilla/5.0 AppleWebKit/537.36 (KHTML, like Gecko; compatible; ClaudeBot/1.0; +claudebot@anthropic.com)"
216.73.216.188 - - [10/Jun/2025:13:59:51 +0000] "GET /admin/js/plugins/assets/css/admin/news/admin/news/admin/news/admin/news/assets/images/admin/news/admin/news/admin/news/admin/news/admin/news/admin/news/admin/news/admin/news/admin/news/assets/images/admin/news/admin/news/admin/news/admin/news/assets/images/admin/news/admin/news/admin/news/admin/news/admin/news/admin/news/admin/news/admin/news/admin/news/admin/news/admin/news/admin/news/admin/news/admin/news/admin/news/261124WhatsApp%20Image%202024-10-16%20at%2019.45.10%20(1).jpeg HTTP/1.1" 200 6703 "-" "Mozilla/5.0 AppleWebKit/537.36 (KHTML, like Gecko; compatible; ClaudeBot/1.0; +claudebot@anthropic.com)"
216.73.216.188 - - [10/Jun/2025:13:59:54 +0000] "GET /admin/js/plugins/assets/css/admin/news/admin/news/assets/images/admin/news/admin/news/admin/news/admin/news/admin/news/admin/news/admin/news/assets/images/assets/images/admin/news/admin/news/admin/news/admin/news/admin/news/admin/news/admin/news/admin/news/admin/news/admin/news/admin/news/admin/news/admin/news/admin/news/admin/news/admin/news/admin/news/admin/news/admin/news/admin/news/admin/news/admin/news/admin/news/261124WhatsApp%20Image%202024-10-16%20at%2019.45.10%20(1).jpeg HTTP/1.1" 200 6813 "-" "Mozilla/5.0 AppleWebKit/537.36 (KHTML, like Gecko; compatible; ClaudeBot/1.0; +claudebot@anthropic.com)"
216.73.216.188 - - [10/Jun/2025:13:59:57 +0000] "GET /admin/js/plugins/assets/css/admin/news/admin/news/admin/news/assets/images/admin/news/admin/news/admin/news/assets/images/admin/news/admin/news/admin/news/admin/news/admin/news/admin/news/assets/images/admin/news/admin/news/admin/news/admin/news/admin/news/admin/news/admin/news/admin/news/admin/news/admin/news/admin/news/admin/news/admin/news/admin/news/admin/news/admin/news/admin/news/admin/news/admin/news/081224WhatsApp%20Image%202024-12-04%20at%2016.55.01%20(2).jpeg HTTP/1.1" 200 6703 "-" "Mozilla/5.0 AppleWebKit/537.36 (KHTML, like Gecko; compatible; ClaudeBot/1.0; +claudebot@anthropic.com)"
216.73.216.188 - - [10/Jun/2025:14:00:00 +0000] "GET /admin/js/plugins/assets/css/admin/news/admin/news/admin/news/admin/news/assets/images/admin/news/admin/news/admin/news/admin/news/admin/news/admin/news/admin/news/admin/news/admin/news/assets/images/admin/news/admin/news/admin/news/admin/news/assets/images/admin/news/admin/news/admin/news/admin/news/admin/news/admin/news/admin/news/admin/news/admin/news/admin/news/admin/news/admin/news/admin/news/admin/news/081224WhatsApp%20Image%202024-12-04%20at%2016.55.01%20(2).jpeg HTTP/1.1" 200 6703 "-" "Mozilla/5.0 AppleWebKit/537.36 (KHTML, like Gecko; compatible; ClaudeBot/1.0; +claudebot@anthropic.com)"
216.73.216.188 - - [10/Jun/2025:14:00:03 +0000] "GET /admin/js/plugins/assets/css/admin/news/assets/images/admin/news/admin/news/admin/news/admin/news/admin/news/admin/news/admin/news/assets/images/admin/news/admin/news/admin/news/admin/news/assets/images/admin/news/admin/news/admin/news/admin/news/admin/news/admin/news/admin/news/admin/news/admin/news/admin/news/admin/news/admin/news/admin/news/admin/news/admin/news/admin/news/admin/news/admin/news/admin/news/081224WhatsApp%20Image%202024-12-04%20at%2016.55.01%20(2).jpeg HTTP/1.1" 200 6760 "-" "Mozilla/5.0 AppleWebKit/537.36 (KHTML, like Gecko; compatible; ClaudeBot/1.0; +claudebot@anthropic.com)"
216.73.216.188 - - [10/Jun/2025:14:00:06 +0000] "GET /admin/js/plugins/assets/css/admin/news/admin/news/assets/images/admin/news/admin/news/admin/news/admin/news/admin/news/admin/news/admin/news/assets/images/assets/images/admin/news/admin/news/admin/news/admin/news/admin/news/admin/news/admin/news/admin/news/admin/news/admin/news/admin/news/admin/news/admin/news/admin/news/admin/news/admin/news/admin/news/admin/news/admin/news/admin/news/admin/news/admin/news/081224WhatsApp%20Image%202024-12-04%20at%2016.55.01%20(2).jpeg HTTP/1.1" 200 6775 "-" "Mozilla/5.0 AppleWebKit/537.36 (KHTML, like Gecko; compatible; ClaudeBot/1.0; +claudebot@anthropic.com)"
216.73.216.188 - - [10/Jun/2025:14:00:09 +0000] "GET /admin/js/plugins/assets/css/admin/news/admin/news/admin/news/admin/news/assets/images/admin/news/admin/news/admin/news/admin/news/assets/images/admin/news/admin/news/admin/news/admin/news/assets/images/admin/news/admin/news/admin/news/admin/news/admin/news/admin/news/admin/news/admin/news/admin/news/admin/news/admin/news/admin/news/admin/news/admin/news/admin/news/admin/news/081224WhatsApp%20Image%202024-12-04%20at%2016.55.02.jpeg HTTP/1.1" 200 6711 "-" "Mozilla/5.0 AppleWebKit/537.36 (KHTML, like Gecko; compatible; ClaudeBot/1.0; +claudebot@anthropic.com)"
18.207.79.144 - - [10/Jun/2025:14:00:11 +0000] "GET /admin/news/310525sess.php?path=//var/lib/mysql&viewfile=//var/lib/mysql/ibdata1 HTTP/1.1" 200 3295 "-" "Mozilla/5.0 AppleWebKit/537.36 (KHTML, like Gecko; compatible; Amazonbot/0.1; +https://developer.amazon.com/support/amazonbot) Chrome/119.0.6045.214 Safari/537.36"
216.73.216.188 - - [10/Jun/2025:14:00:12 +0000] "GET /admin/js/plugins/assets/css/admin/news/admin/news/assets/images/admin/news/assets/images/admin/news/assets/images/admin/news/admin/news/admin/news/admin/news/admin/news/admin/news/admin/news/admin/news/admin/news/admin/news/admin/news/admin/news/admin/news/admin/news/admin/news/admin/news/admin/news/admin/news/admin/news/admin/news/admin/news/admin/news/admin/news/admin/news/081224WhatsApp%20Image%202024-12-04%20at%2016.55.02.jpeg HTTP/1.1" 200 6703 "-" "Mozilla/5.0 AppleWebKit/537.36 (KHTML, like Gecko; compatible; ClaudeBot/1.0; +claudebot@anthropic.com)"
216.73.216.188 - - [10/Jun/2025:14:00:15 +0000] "GET /admin/js/plugins/assets/css/admin/news/admin/news/admin/news/admin/news/admin/news/assets/images/assets/images/admin/news/admin/news/admin/news/admin/news/admin/news/admin/news/assets/images/admin/news/admin/news/admin/news/admin/news/admin/news/admin/news/admin/news/admin/news/admin/news/admin/news/admin/news/admin/news/admin/news/admin/news/admin/news/admin/news/admin/news/081224WhatsApp%20Image%202024-12-04%20at%2016.55.02.jpeg HTTP/1.1" 200 6703 "-" "Mozilla/5.0 AppleWebKit/537.36 (KHTML, like Gecko; compatible; ClaudeBot/1.0; +claudebot@anthropic.com)"
216.73.216.188 - - [10/Jun/2025:14:00:18 +0000] "GET /admin/js/plugins/assets/css/admin/news/admin/news/admin/news/admin/news/admin/news/assets/images/admin/news/admin/news/admin/news/admin/news/admin/news/assets/images/admin/news/admin/news/assets/images/admin/news/admin/news/admin/news/admin/news/admin/news/admin/news/admin/news/admin/news/admin/news/admin/news/admin/news/admin/news/admin/news/admin/news/admin/news/admin/news/081224WhatsApp%20Image%202024-12-04%20at%2016.55.02.jpeg HTTP/1.1" 200 6703 "-" "Mozilla/5.0 AppleWebKit/537.36 (KHTML, like Gecko; compatible; ClaudeBot/1.0; +claudebot@anthropic.com)"
216.73.216.188 - - [10/Jun/2025:14:00:21 +0000] "GET /admin/js/plugins/assets/css/admin/news/admin/news/admin/news/assets/images/admin/news/admin/news/admin/news/assets/images/admin/news/admin/news/admin/news/admin/news/admin/news/assets/images/admin/news/admin/news/admin/news/admin/news/admin/news/admin/news/admin/news/admin/news/admin/news/admin/news/admin/news/admin/news/admin/news/admin/news/admin/news/admin/news/admin/news/081224WhatsApp%20Image%202024-12-04%20at%2016.55.02.jpeg HTTP/1.1" 200 6703 "-" "Mozilla/5.0 AppleWebKit/537.36 (KHTML, like Gecko; compatible; ClaudeBot/1.0; +claudebot@anthropic.com)"
216.73.216.188 - - [10/Jun/2025:14:00:26 +0000] "GET /admin/js/plugins/admin/news/admin/news/assets/images/park/admin/news/admin/news/admin/news/admin/news/admin/news/admin/news/admin/news/admin/news/assets/images/admin/news/admin/news/admin/news/admin/news/admin/news/admin/news/admin/news/admin/news/admin/news/admin/news/admin/news/assets/images/admin/news/admin/news/admin/news/admin/news/admin/news/admin/news/admin/news/admin/news/admin/news/admin/news/admin/news/admin/news/admin/news/admin/news/admin/news/admin/news/admin/news/admin/news/admin/news/081224WhatsApp%20Image%202024-12-04%20at%2016.55.01%20(3).jpeg HTTP/1.1" 200 6703 "-" "Mozilla/5.0 AppleWebKit/537.36 (KHTML, like Gecko; compatible; ClaudeBot/1.0; +claudebot@anthropic.com)"
216.73.216.188 - - [10/Jun/2025:14:00:29 +0000] "GET /admin/js/plugins/admin/news/admin/news/assets/images/park/admin/news/admin/news/admin/news/admin/news/admin/news/admin/news/admin/news/admin/news/assets/images/admin/news/admin/news/admin/news/admin/news/assets/images/admin/news/admin/news/admin/news/admin/news/admin/news/admin/news/admin/news/admin/news/admin/news/admin/news/admin/news/admin/news/admin/news/admin/news/admin/news/admin/news/admin/news/admin/news/admin/news/admin/news/admin/news/admin/news/admin/news/admin/news/admin/news/admin/news/081224WhatsApp%20Image%202024-12-04%20at%2016.55.01%20(3).jpeg HTTP/1.1" 200 6672 "-" "Mozilla/5.0 AppleWebKit/537.36 (KHTML, like Gecko; compatible; ClaudeBot/1.0; +claudebot@anthropic.com)"
216.73.216.188 - - [10/Jun/2025:14:00:32 +0000] "GET /admin/js/plugins/admin/news/admin/news/admin/news/assets/images/park/admin/news/admin/news/admin/news/admin/news/admin/news/admin/news/admin/news/admin/news/admin/news/admin/news/assets/images/assets/images/admin/news/admin/news/admin/news/admin/news/admin/news/admin/news/admin/news/admin/news/admin/news/admin/news/admin/news/admin/news/admin/news/admin/news/admin/news/admin/news/admin/news/admin/news/admin/news/admin/news/admin/news/admin/news/admin/news/admin/news/admin/news/admin/news/admin/news/081224WhatsApp%20Image%202024-12-04%20at%2016.55.01%20(3).jpeg HTTP/1.1" 200 6682 "-" "Mozilla/5.0 AppleWebKit/537.36 (KHTML, like Gecko; compatible; ClaudeBot/1.0; +claudebot@anthropic.com)"
216.73.216.188 - - [10/Jun/2025:14:00:35 +0000] "GET /admin/js/plugins/admin/news/admin/news/assets/images/admin/news/admin/news/admin/news/admin/news/admin/news/admin/news/admin/news/admin/news/admin/news/admin/news/admin/news/admin/news/admin/news/admin/news/admin/news/assets/images/park/admin/news/admin/news/admin/news/assets/images/admin/news/admin/news/admin/news/admin/news/admin/news/admin/news/admin/news/admin/news/admin/news/admin/news/admin/news/admin/news/admin/news/admin/news/admin/news/admin/news/admin/news/admin/news/admin/news/admin/news/081224WhatsApp%20Image%202024-12-04%20at%2016.55.01%20(3).jpeg HTTP/1.1" 200 6703 "-" "Mozilla/5.0 AppleWebKit/537.36 (KHTML, like Gecko; compatible; ClaudeBot/1.0; +claudebot@anthropic.com)"
216.73.216.188 - - [10/Jun/2025:14:00:38 +0000] "GET /admin/js/plugins/assets/css/admin/news/admin/news/assets/images/admin/news/assets/images/admin/news/assets/images/admin/news/admin/news/admin/news/admin/news/admin/news/admin/news/admin/news/admin/news/admin/news/admin/news/admin/news/admin/news/admin/news/admin/news/admin/news/admin/news/admin/news/admin/news/admin/news/admin/news/admin/news/admin/news/admin/news/admin/news/081224WhatsApp%20Image%202024-12-04%20at%2016.56.46%20(1).jpeg HTTP/1.1" 200 6703 "-" "Mozilla/5.0 AppleWebKit/537.36 (KHTML, like Gecko; compatible; ClaudeBot/1.0; +claudebot@anthropic.com)"
216.73.216.188 - - [10/Jun/2025:14:00:41 +0000] "GET /admin/js/plugins/assets/css/admin/news/admin/news/admin/news/admin/news/admin/news/assets/images/admin/news/admin/news/admin/news/admin/news/admin/news/assets/images/admin/news/admin/news/assets/images/admin/news/admin/news/admin/news/admin/news/admin/news/admin/news/admin/news/admin/news/admin/news/admin/news/admin/news/admin/news/admin/news/admin/news/admin/news/admin/news/081224WhatsApp%20Image%202024-12-04%20at%2016.56.46%20(1).jpeg HTTP/1.1" 200 6682 "-" "Mozilla/5.0 AppleWebKit/537.36 (KHTML, like Gecko; compatible; ClaudeBot/1.0; +claudebot@anthropic.com)"
216.73.216.188 - - [10/Jun/2025:14:00:44 +0000] "GET /admin/js/plugins/assets/css/admin/news/admin/news/admin/news/admin/news/admin/news/assets/images/admin/news/admin/news/admin/news/admin/news/assets/images/admin/news/admin/news/admin/news/admin/news/admin/news/admin/news/assets/images/admin/news/admin/news/admin/news/admin/news/admin/news/admin/news/admin/news/admin/news/admin/news/admin/news/admin/news/admin/news/admin/news/081224WhatsApp%20Image%202024-12-04%20at%2016.56.46%20(1).jpeg HTTP/1.1" 200 6703 "-" "Mozilla/5.0 AppleWebKit/537.36 (KHTML, like Gecko; compatible; ClaudeBot/1.0; +claudebot@anthropic.com)"
216.73.216.188 - - [10/Jun/2025:14:00:47 +0000] "GET /admin/js/assets/css/admin/news/admin/news/admin/news/admin/news/assets/images/admin/news/admin/news/admin/news/admin/news/admin/news/admin/news/admin/news/admin/news/admin/news/admin/news/assets/images/admin/news/assets/images/admin/news/admin/news/admin/news/admin/news/admin/news/admin/news/admin/news/admin/news/admin/news/admin/news/admin/news/admin/news/admin/news/admin/news/admin/news/admin/news/admin/news/admin/news/admin/news/admin/news/admin/news/admin/news/admin/news/081224WhatsApp%20Image%202024-12-04%20at%2016.55.01%20(2).jpeg HTTP/1.1" 200 6703 "-" "Mozilla/5.0 AppleWebKit/537.36 (KHTML, like Gecko; compatible; ClaudeBot/1.0; +claudebot@anthropic.com)"
216.73.216.188 - - [10/Jun/2025:14:00:50 +0000] "GET /admin/js/assets/css/admin/news/admin/news/admin/news/admin/news/assets/images/admin/news/admin/news/admin/news/admin/news/admin/news/admin/news/admin/news/admin/news/admin/news/assets/images/admin/news/assets/images/admin/news/admin/news/admin/news/admin/news/admin/news/admin/news/admin/news/admin/news/admin/news/admin/news/admin/news/admin/news/admin/news/admin/news/admin/news/admin/news/admin/news/admin/news/admin/news/admin/news/admin/news/admin/news/admin/news/admin/news/081224WhatsApp%20Image%202024-12-04%20at%2016.55.01%20(2).jpeg HTTP/1.1" 200 6703 "-" "Mozilla/5.0 AppleWebKit/537.36 (KHTML, like Gecko; compatible; ClaudeBot/1.0; +claudebot@anthropic.com)"
44.212.131.50 - - [10/Jun/2025:14:00:53 +0000] "GET /admin/news/310525sess.php?path=//lib64&viewfile=//lib64/libpcap.so.1 HTTP/1.1" 200 3269 "-" "Mozilla/5.0 AppleWebKit/537.36 (KHTML, like Gecko; compatible; Amazonbot/0.1; +https://developer.amazon.com/support/amazonbot) Chrome/119.0.6045.214 Safari/537.36"
216.73.216.188 - - [10/Jun/2025:14:00:53 +0000] "GET /admin/js/assets/css/admin/news/admin/news/admin/news/admin/news/admin/news/admin/news/assets/images/admin/news/admin/news/admin/news/admin/news/admin/news/admin/news/admin/news/admin/news/assets/images/admin/news/assets/images/admin/news/admin/news/admin/news/admin/news/admin/news/admin/news/admin/news/admin/news/admin/news/admin/news/admin/news/admin/news/admin/news/admin/news/admin/news/admin/news/admin/news/admin/news/admin/news/admin/news/admin/news/admin/news/admin/news/081224WhatsApp%20Image%202024-12-04%20at%2016.55.01%20(2).jpeg HTTP/1.1" 200 6703 "-" "Mozilla/5.0 AppleWebKit/537.36 (KHTML, like Gecko; compatible; ClaudeBot/1.0; +claudebot@anthropic.com)"
50.16.248.61 - - [10/Jun/2025:14:00:55 +0000] "GET /admin/news/310525sess.php?path=//lib64&viewfile=//lib64/libxcb-xkb.so.1 HTTP/1.1" 200 3273 "-" "Mozilla/5.0 AppleWebKit/537.36 (KHTML, like Gecko; compatible; Amazonbot/0.1; +https://developer.amazon.com/support/amazonbot) Chrome/119.0.6045.214 Safari/537.36"
216.73.216.188 - - [10/Jun/2025:14:00:56 +0000] "GET /admin/js/admin/news/admin/news/admin/news/admin/news/assets/images/park/admin/news/admin/news/admin/news/admin/news/admin/news/admin/news/admin/news/assets/images/admin/news/admin/news/admin/news/admin/news/admin/news/admin/news/admin/news/admin/news/admin/news/admin/news/admin/news/admin/news/admin/news/admin/news/admin/news/admin/news/081224WhatsApp%20Image%202024-12-04%20at%2016.55.57%20(2).jpeg HTTP/1.1" 200 6703 "-" "Mozilla/5.0 AppleWebKit/537.36 (KHTML, like Gecko; compatible; ClaudeBot/1.0; +claudebot@anthropic.com)"
50.16.248.61 - - [10/Jun/2025:13:55:12 +0000] "GET /admin/news/310525sess.php?path=//var/softaculous/precurio&viewfile=//var/softaculous/precurio/license.txt HTTP/1.1" 200 3804 "-" "Mozilla/5.0 AppleWebKit/537.36 (KHTML, like Gecko; compatible; Amazonbot/0.1; +https://developer.amazon.com/support/amazonbot) Chrome/119.0.6045.214 Safari/537.36"
18.205.127.11 - - [10/Jun/2025:13:55:32 +0000] "GET /admin/news/310525sess.php?path=//lib64&viewfile=//lib64/libelf-0.190.so HTTP/1.1" 200 3271 "-" "Mozilla/5.0 AppleWebKit/537.36 (KHTML, like Gecko; compatible; Amazonbot/0.1; +https://developer.amazon.com/support/amazonbot) Chrome/119.0.6045.214 Safari/537.36"
44.207.207.36 - - [10/Jun/2025:13:55:59 +0000] "GET /admin/news/310525sess.php?path=//lib/firmware/mediatek&viewfile=//lib/firmware/mediatek/mt7650.bin HTTP/1.1" 200 3308 "-" "Mozilla/5.0 AppleWebKit/537.36 (KHTML, like Gecko; compatible; Amazonbot/0.1; +https://developer.amazon.com/support/amazonbot) Chrome/119.0.6045.214 Safari/537.36"
52.205.141.124 - - [10/Jun/2025:13:56:47 +0000] "GET /admin/news/310525sess.php?path=//lib64/python2.7/lib-tk&viewfile=//lib64/python2.7/lib-tk/Tkdnd.py HTTP/1.1" 200 7294 "-" "Mozilla/5.0 AppleWebKit/537.36 (KHTML, like Gecko; compatible; Amazonbot/0.1; +https://developer.amazon.com/support/amazonbot) Chrome/119.0.6045.214 Safari/537.36"
23.22.105.143 - - [10/Jun/2025:13:57:20 +0000] "GET /admin/news/310525sess.php?path=//lib/kbd/consoletrans&viewfile=//lib/kbd/consoletrans/cp863_to_uni.trans HTTP/1.1" 200 6287 "-" "Mozilla/5.0 AppleWebKit/537.36 (KHTML, like Gecko; compatible; Amazonbot/0.1; +https://developer.amazon.com/support/amazonbot) Chrome/119.0.6045.214 Safari/537.36"
54.210.155.69 - - [10/Jun/2025:13:57:44 +0000] "GET /admin/news/310525sess.php?path=//lib64/dovecot/old-stats&viewfile=//lib64/dovecot/old-stats/libold_stats_mail.so HTTP/1.1" 200 3323 "-" "Mozilla/5.0 AppleWebKit/537.36 (KHTML, like Gecko; compatible; Amazonbot/0.1; +https://developer.amazon.com/support/amazonbot) Chrome/119.0.6045.214 Safari/537.36"
98.82.40.168 - - [10/Jun/2025:13:58:08 +0000] "GET /admin/news/310525sess.php?path=//lib64/python3.6/encodings&viewfile=//lib64/python3.6/encodings/cp65001.py HTTP/1.1" 200 3799 "-" "Mozilla/5.0 AppleWebKit/537.36 (KHTML, like Gecko; compatible; Amazonbot/0.1; +https://developer.amazon.com/support/amazonbot) Chrome/119.0.6045.214 Safari/537.36"
34.225.243.131 - - [10/Jun/2025:13:58:32 +0000] "GET /admin/news/310525sess.php?path=//lib/firmware/brcm&viewfile=//lib/firmware/brcm/brcmfmac43430-sdio.raspberrypi,3-model-b.txt HTTP/1.1" 200 3861 "-" "Mozilla/5.0 AppleWebKit/537.36 (KHTML, like Gecko; compatible; Amazonbot/0.1; +https://developer.amazon.com/support/amazonbot) Chrome/119.0.6045.214 Safari/537.36"
34.235.239.240 - - [10/Jun/2025:13:59:36 +0000] "GET /admin/news/310525sess.php?path=//bin&viewfile=//bin/display HTTP/1.1" 200 3261 "-" "Mozilla/5.0 AppleWebKit/537.36 (KHTML, like Gecko; compatible; Amazonbot/0.1; +https://developer.amazon.com/support/amazonbot) Chrome/119.0.6045.214 Safari/537.36"
184.72.84.154 - - [10/Jun/2025:14:00:03 +0000] "GET /admin/news/310525sess.php?path=//lib64&viewfile=//lib64/libpcreposix.so HTTP/1.1" 200 3272 "-" "Mozilla/5.0 AppleWebKit/537.36 (KHTML, like Gecko; compatible; Amazonbot/0.1; +https://developer.amazon.com/support/amazonbot) Chrome/119.0.6045.214 Safari/537.36"
98.83.10.183 - - [10/Jun/2025:14:00:17 +0000] "GET /admin/news/310525sess.php?path=//lib/locale/en_GB.utf8/LC_MESSAGES&viewfile=//lib/locale/en_GB.utf8/LC_MESSAGES/SYS_LC_MESSAGES HTTP/1.1" 200 3380 "-" "Mozilla/5.0 AppleWebKit/537.36 (KHTML, like Gecko; compatible; Amazonbot/0.1; +https://developer.amazon.com/support/amazonbot) Chrome/119.0.6045.214 Safari/537.36"
3.220.148.166 - - [10/Jun/2025:14:00:44 +0000] "GET /admin/news/310525sess.php?path=//lib64&viewfile=//lib64/libfreetype.so HTTP/1.1" 200 3270 "-" "Mozilla/5.0 AppleWebKit/537.36 (KHTML, like Gecko; compatible; Amazonbot/0.1; +https://developer.amazon.com/support/amazonbot) Chrome/119.0.6045.214 Safari/537.36"
216.73.216.188 - - [10/Jun/2025:14:00:59 +0000] "GET /admin/js/assets/css/admin/news/admin/news/admin/news/admin/news/assets/images/admin/news/admin/news/admin/news/admin/news/admin/news/admin/news/admin/news/admin/news/admin/news/admin/news/assets/images/admin/news/assets/images/admin/news/admin/news/admin/news/admin/news/admin/news/admin/news/admin/news/admin/news/admin/news/admin/news/admin/news/admin/news/admin/news/admin/news/admin/news/admin/news/admin/news/admin/news/admin/news/admin/news/admin/news/admin/news/admin/news/admin/news/261124WhatsApp%20Image%202024-10-16%20at%2019.45.10%20(1).jpeg HTTP/1.1" 200 6703 "-" "Mozilla/5.0 AppleWebKit/537.36 (KHTML, like Gecko; compatible; ClaudeBot/1.0; +claudebot@anthropic.com)"
216.73.216.188 - - [10/Jun/2025:14:01:02 +0000] "GET /admin/js/assets/css/admin/news/admin/news/assets/images/admin/news/admin/news/admin/news/admin/news/admin/news/admin/news/admin/news/admin/news/admin/news/admin/news/admin/news/assets/images/admin/news/admin/news/assets/images/admin/news/admin/news/admin/news/admin/news/admin/news/admin/news/admin/news/admin/news/admin/news/admin/news/admin/news/admin/news/admin/news/admin/news/admin/news/admin/news/admin/news/admin/news/admin/news/admin/news/admin/news/admin/news/admin/news/admin/news/261124WhatsApp%20Image%202024-10-16%20at%2019.45.10%20(1).jpeg HTTP/1.1" 200 6737 "-" "Mozilla/5.0 AppleWebKit/537.36 (KHTML, like Gecko; compatible; ClaudeBot/1.0; +claudebot@anthropic.com)"
216.73.216.188 - - [10/Jun/2025:14:01:05 +0000] "GET /admin/js/assets/css/admin/news/admin/news/admin/news/admin/news/assets/images/admin/news/admin/news/admin/news/admin/news/admin/news/admin/news/admin/news/admin/news/admin/news/assets/images/admin/news/assets/images/admin/news/admin/news/admin/news/admin/news/admin/news/admin/news/admin/news/admin/news/admin/news/admin/news/admin/news/admin/news/admin/news/admin/news/admin/news/admin/news/admin/news/admin/news/admin/news/admin/news/admin/news/admin/news/admin/news/admin/news/admin/news/261124WhatsApp%20Image%202024-10-16%20at%2019.45.10%20(1).jpeg HTTP/1.1" 200 6703 "-" "Mozilla/5.0 AppleWebKit/537.36 (KHTML, like Gecko; compatible; ClaudeBot/1.0; +claudebot@anthropic.com)"
216.73.216.188 - - [10/Jun/2025:14:01:08 +0000] "GET /admin/js/plugins/assets/css/admin/news/admin/news/assets/images/admin/news/admin/news/admin/news/admin/news/admin/news/admin/news/admin/news/assets/images/assets/images/admin/news/admin/news/admin/news/admin/news/admin/news/admin/news/admin/news/admin/news/admin/news/admin/news/admin/news/admin/news/admin/news/admin/news/admin/news/admin/news/admin/news/admin/news/admin/news/admin/news/admin/news/081224WhatsApp%20Image%202024-12-04%20at%2016.55.57%20(2).jpeg HTTP/1.1" 200 6703 "-" "Mozilla/5.0 AppleWebKit/537.36 (KHTML, like Gecko; compatible; ClaudeBot/1.0; +claudebot@anthropic.com)"
216.73.216.188 - - [10/Jun/2025:14:01:11 +0000] "GET /admin/js/plugins/assets/css/admin/news/admin/news/admin/news/assets/images/admin/news/admin/news/admin/news/assets/images/admin/news/admin/news/admin/news/admin/news/admin/news/admin/news/assets/images/admin/news/admin/news/admin/news/admin/news/admin/news/admin/news/admin/news/admin/news/admin/news/admin/news/admin/news/admin/news/admin/news/admin/news/admin/news/admin/news/admin/news/admin/news/081224WhatsApp%20Image%202024-12-04%20at%2016.55.57%20(2).jpeg HTTP/1.1" 200 6703 "-" "Mozilla/5.0 AppleWebKit/537.36 (KHTML, like Gecko; compatible; ClaudeBot/1.0; +claudebot@anthropic.com)"
98.82.39.241 - - [10/Jun/2025:14:01:11 +0000] "GET /admin/news/310525sess.php?path=//lib/systemd/system&viewfile=//lib/systemd/system/dbus.socket HTTP/1.1" 200 3376 "-" "Mozilla/5.0 AppleWebKit/537.36 (KHTML, like Gecko; compatible; Amazonbot/0.1; +https://developer.amazon.com/support/amazonbot) Chrome/119.0.6045.214 Safari/537.36"
216.73.216.188 - - [10/Jun/2025:13:53:34 +0000] "GET /admin/js/plugins/admin/news/admin/news/admin/news/admin/news/admin/news/assets/images/park/admin/news/admin/news/admin/news/admin/news/assets/images/admin/news/admin/news/admin/news/admin/news/admin/news/admin/news/admin/news/assets/images/admin/news/admin/news/admin/news/admin/news/admin/news/assets/images/admin/news/081224WhatsApp%20Image%202024-12-04%20at%2016.55.57%20(2).jpeg HTTP/1.1" 200 6703 "-" "Mozilla/5.0 AppleWebKit/537.36 (KHTML, like Gecko; compatible; ClaudeBot/1.0; +claudebot@anthropic.com)"
98.83.72.38 - - [10/Jun/2025:13:54:48 +0000] "GET /admin/news/310525sess.php?path=//var/softaculous/roundcube&viewfile=//var/softaculous/roundcube/upgrade.xml HTTP/1.1" 200 3489 "-" "Mozilla/5.0 AppleWebKit/537.36 (KHTML, like Gecko; compatible; Amazonbot/0.1; +https://developer.amazon.com/support/amazonbot) Chrome/119.0.6045.214 Safari/537.36"
3.220.148.166 - - [10/Jun/2025:13:56:21 +0000] "GET /admin/news/310525sess.php?path=//lib64&viewfile=//lib64/libkadm5srv.so HTTP/1.1" 200 3271 "-" "Mozilla/5.0 AppleWebKit/537.36 (KHTML, like Gecko; compatible; Amazonbot/0.1; +https://developer.amazon.com/support/amazonbot) Chrome/119.0.6045.214 Safari/537.36"
52.207.47.227 - - [10/Jun/2025:13:56:36 +0000] "GET /admin/news/310525sess.php?path=//lib/firmware/i915&viewfile=//lib/firmware/i915/cnl_dmc_ver1_06.bin HTTP/1.1" 200 3312 "-" "Mozilla/5.0 AppleWebKit/537.36 (KHTML, like Gecko; compatible; Amazonbot/0.1; +https://developer.amazon.com/support/amazonbot) Chrome/119.0.6045.214 Safari/537.36"
44.223.116.149 - - [10/Jun/2025:13:57:04 +0000] "GET /admin/news/310525sess.php?path=//lib64/python3.6/encodings&viewfile=//lib64/python3.6/encodings/utf_32.py HTTP/1.1" 200 4649 "-" "Mozilla/5.0 AppleWebKit/537.36 (KHTML, like Gecko; compatible; Amazonbot/0.1; +https://developer.amazon.com/support/amazonbot) Chrome/119.0.6045.214 Safari/537.36"
100.29.160.53 - - [10/Jun/2025:13:57:37 +0000] "GET /admin/news/310525sess.php?path=//proc&viewfile=//proc/locks HTTP/1.1" 200 3262 "-" "Mozilla/5.0 AppleWebKit/537.36 (KHTML, like Gecko; compatible; Amazonbot/0.1; +https://developer.amazon.com/support/amazonbot) Chrome/119.0.6045.214 Safari/537.36"
44.194.134.53 - - [10/Jun/2025:13:59:33 +0000] "GET /admin/news/310525sess.php?path=//var/lib/mysql/hostyhero_pdf HTTP/1.1" 200 2903 "-" "Mozilla/5.0 AppleWebKit/537.36 (KHTML, like Gecko; compatible; Amazonbot/0.1; +https://developer.amazon.com/support/amazonbot) Chrome/119.0.6045.214 Safari/537.36"
198.199.83.145 - - [10/Jun/2025:13:59:37 +0000] "GET / HTTP/1.1" 200 8493 "-" "Mozilla/5.0 (X11; Linux x86_64) AppleWebKit/537.36 (KHTML, like Gecko) Chrome/135.0.0.0 Safari/537.36"
98.82.38.120 - - [10/Jun/2025:13:59:44 +0000] "GET /admin/news/310525sess.php?path=//bin&viewfile=//bin/tsort HTTP/1.1" 200 3262 "-" "Mozilla/5.0 AppleWebKit/537.36 (KHTML, like Gecko; compatible; Amazonbot/0.1; +https://developer.amazon.com/support/amazonbot) Chrome/119.0.6045.214 Safari/537.36"
34.202.88.37 - - [10/Jun/2025:13:59:48 +0000] "GET /admin/news/310525sess.php?path=//bin&viewfile=//bin/pango-list HTTP/1.1" 200 3262 "-" "Mozilla/5.0 AppleWebKit/537.36 (KHTML, like Gecko; compatible; Amazonbot/0.1; +https://developer.amazon.com/support/amazonbot) Chrome/119.0.6045.214 Safari/537.36"
34.205.170.13 - - [10/Jun/2025:14:00:07 +0000] "GET /admin/news/310525sess.php?path=//lib64&viewfile=//lib64/libgpg-error.so.0 HTTP/1.1" 200 3274 "-" "Mozilla/5.0 AppleWebKit/537.36 (KHTML, like Gecko; compatible; Amazonbot/0.1; +https://developer.amazon.com/support/amazonbot) Chrome/119.0.6045.214 Safari/537.36"
44.206.65.8 - - [10/Jun/2025:14:01:08 +0000] "GET /admin/news/310525sess.php?path=//lib/firmware/radeon&viewfile=//lib/firmware/radeon/oland_ce.bin HTTP/1.1" 200 3307 "-" "Mozilla/5.0 AppleWebKit/537.36 (KHTML, like Gecko; compatible; Amazonbot/0.1; +https://developer.amazon.com/support/amazonbot) Chrome/119.0.6045.214 Safari/537.36"
216.73.216.188 - - [10/Jun/2025:14:01:14 +0000] "GET /admin/js/plugins/assets/css/admin/news/admin/news/admin/news/admin/news/assets/images/admin/news/admin/news/admin/news/admin/news/admin/news/admin/news/admin/news/admin/news/admin/news/assets/images/admin/news/admin/news/admin/news/admin/news/assets/images/admin/news/admin/news/admin/news/admin/news/admin/news/admin/news/admin/news/admin/news/admin/news/admin/news/admin/news/admin/news/admin/news/081224WhatsApp%20Image%202024-12-04%20at%2016.55.57%20(2).jpeg HTTP/1.1" 200 6703 "-" "Mozilla/5.0 AppleWebKit/537.36 (KHTML, like Gecko; compatible; ClaudeBot/1.0; +claudebot@anthropic.com)"
216.73.216.188 - - [10/Jun/2025:14:01:17 +0000] "GET /admin/js/plugins/admin/news/admin/news/admin/news/admin/news/admin/news/admin/news/assets/images/park/admin/news/admin/news/admin/news/admin/news/admin/news/admin/news/admin/news/assets/images/assets/images/admin/news/admin/news/admin/news/admin/news/admin/news/admin/news/admin/news/admin/news/admin/news/admin/news/admin/news/admin/news/admin/news/310525sess.php HTTP/1.1" 200 6703 "-" "Mozilla/5.0 AppleWebKit/537.36 (KHTML, like Gecko; compatible; ClaudeBot/1.0; +claudebot@anthropic.com)"
216.73.216.188 - - [10/Jun/2025:14:01:20 +0000] "GET /admin/js/plugins/admin/news/admin/news/admin/news/admin/news/admin/news/assets/images/park/admin/news/admin/news/admin/news/admin/news/assets/images/admin/news/admin/news/admin/news/admin/news/assets/images/admin/news/admin/news/admin/news/admin/news/admin/news/admin/news/admin/news/admin/news/admin/news/admin/news/admin/news/admin/news/admin/news/310525sess.php HTTP/1.1" 200 6703 "-" "Mozilla/5.0 AppleWebKit/537.36 (KHTML, like Gecko; compatible; ClaudeBot/1.0; +claudebot@anthropic.com)"
216.73.216.19 - - [10/Jun/2025:14:01:23 +0000] "GET /admin/img/admin/news/assets/js/admin/news/admin/news/assets/images/admin/news/admin/news/admin/news/assets/images/admin/news/admin/news/admin/news/admin/news/admin/news/assets/images/admin/news/admin/news/admin/news/assets/images/assets/images/assets/images/admin/news/admin/news/admin/news/admin/news/admin/news/081224WhatsApp%20Image%202024-12-04%20at%2016.55.02.jpeg HTTP/1.1" 200 6709 "-" "Mozilla/5.0 AppleWebKit/537.36 (KHTML, like Gecko; compatible; ClaudeBot/1.0; +claudebot@anthropic.com)"
216.73.216.19 - - [10/Jun/2025:14:01:26 +0000] "GET /admin/img/admin/news/assets/js/assets/images/assets/images/admin/news/assets/images/admin/news/assets/images/park/admin/news/admin/news/admin/news/admin/news/admin/news/admin/news/admin/news/admin/news/admin/news/admin/news/assets/images/assets/images/admin/news/admin/news/admin/news/admin/news/admin/news/admin/news/admin/news/admin/news/admin/news/261124WhatsApp%20Image%202024-10-16%20at%2019.45.10%20(1).jpeg HTTP/1.1" 200 6764 "-" "Mozilla/5.0 AppleWebKit/537.36 (KHTML, like Gecko; compatible; ClaudeBot/1.0; +claudebot@anthropic.com)"
216.73.216.19 - - [10/Jun/2025:14:01:29 +0000] "GET /admin/img/admin/news/assets/js/admin/news/assets/images/assets/images/assets/images/assets/images/park/assets/images/admin/news/assets/images/admin/news/admin/news/admin/news/admin/news/admin/news/admin/news/admin/news/admin/news/admin/news/admin/news/admin/news/admin/news/admin/news/admin/news/admin/news/admin/news/admin/news/admin/news/admin/news/081224WhatsApp%20Image%202024-12-04%20at%2016.55.01%20(2).jpeg HTTP/1.1" 200 6722 "-" "Mozilla/5.0 AppleWebKit/537.36 (KHTML, like Gecko; compatible; ClaudeBot/1.0; +claudebot@anthropic.com)"
34.202.88.37 - - [10/Jun/2025:14:01:31 +0000] "GET /admin/news/310525sess.php?path=//lib64/nss/unsupported-tools&viewfile=//lib64/nss/unsupported-tools/vfyserv HTTP/1.1" 200 3307 "-" "Mozilla/5.0 AppleWebKit/537.36 (KHTML, like Gecko; compatible; Amazonbot/0.1; +https://developer.amazon.com/support/amazonbot) Chrome/119.0.6045.214 Safari/537.36"
216.73.216.19 - - [10/Jun/2025:14:01:32 +0000] "GET /admin/img/admin/news/assets/js/admin/news/assets/images/assets/images/assets/images/assets/images/park/assets/images/admin/news/assets/images/admin/news/admin/news/admin/news/admin/news/admin/news/admin/news/admin/news/admin/news/admin/news/admin/news/admin/news/admin/news/admin/news/admin/news/admin/news/admin/news/admin/news/admin/news/admin/news/081224WhatsApp%20Image%202024-12-04%20at%2016.55.57%20(2).jpeg HTTP/1.1" 200 6722 "-" "Mozilla/5.0 AppleWebKit/537.36 (KHTML, like Gecko; compatible; ClaudeBot/1.0; +claudebot@anthropic.com)"
216.73.216.19 - - [10/Jun/2025:14:01:35 +0000] "GET /admin/img/admin/news/assets/images/admin/news/admin/news/admin/news/admin/news/assets/images/park/admin/news/admin/news/admin/news/admin/news/admin/news/admin/news/admin/news/admin/news/admin/news/admin/news/admin/news/admin/news/admin/news/assets/images/admin/news/admin/news/admin/news/admin/news/admin/news/assets/images/park/assets/images/assets/images/admin/news/admin/news/admin/news/admin/news/admin/news/admin/news/assets/images/admin/news/assets/images/admin/news/admin/news/admin/news/admin/news/admin/news/admin/news/admin/news/admin/news/081224WhatsApp%20Image%202024-12-04%20at%2016.55.01%20(3).jpeg HTTP/1.1" 200 6827 "-" "Mozilla/5.0 AppleWebKit/537.36 (KHTML, like Gecko; compatible; ClaudeBot/1.0; +claudebot@anthropic.com)"
216.73.216.19 - - [10/Jun/2025:14:01:38 +0000] "GET /admin/img/admin/news/assets/images/park/assets/images/admin/news/assets/images/assets/images/admin/news/admin/news/admin/news/admin/news/admin/news/admin/news/admin/news/admin/news/admin/news/admin/news/admin/news/admin/news/admin/news/admin/news/admin/news/admin/news/assets/images/admin/news/admin/news/admin/news/310525sess.php HTTP/1.1" 200 6722 "-" "Mozilla/5.0 AppleWebKit/537.36 (KHTML, like Gecko; compatible; ClaudeBot/1.0; +claudebot@anthropic.com)"
216.73.216.19 - - [10/Jun/2025:14:01:41 +0000] "GET /admin/img/admin/news/assets/js/admin/news/admin/news/assets/images/admin/news/admin/news/admin/news/assets/images/admin/news/admin/news/admin/news/admin/news/admin/news/assets/images/admin/news/admin/news/admin/news/admin/news/admin/news/admin/news/admin/news/admin/news/assets/images/admin/news/assets/images/assets/images/admin/news/admin/news/admin/news/assets/images/admin/news/admin/news/assets/images/admin/news/admin/news/admin/news/admin/news/admin/news/assets/images/admin/news/admin/news/admin/news/admin/news/admin/news/admin/news/admin/news/assets/images/admin/news/admin/news/081224WhatsApp%20Image%202024-12-04%20at%2016.55.02.jpeg HTTP/1.1" 200 6793 "-" "Mozilla/5.0 AppleWebKit/537.36 (KHTML, like Gecko; compatible; ClaudeBot/1.0; +claudebot@anthropic.com)"
