216.73.216.155 - - [10/Jun/2025:13:25:08 +0000] "GET /admin/js/plugins/admin/news/admin/news/admin/news/assets/images/admin/news/admin/news/admin/news/admin/news/admin/news/admin/news/assets/images/admin/news/admin/news/admin/news/admin/news/admin/news/admin/news/assets/images/assets/images/admin/news/admin/news/admin/news/admin/news/admin/news/admin/news/admin/news/admin/news/admin/news/admin/news/admin/news/admin/news/admin/news/admin/news/261124WhatsApp%20Image%202024-11-12%20at%2018.51.34.jpeg HTTP/1.1" 200 6760 "-" "Mozilla/5.0 AppleWebKit/537.36 (KHTML, like Gecko; compatible; ClaudeBot/1.0; +claudebot@anthropic.com)"
216.73.216.155 - - [10/Jun/2025:13:25:11 +0000] "GET /admin/js/plugins/admin/news/admin/news/admin/news/assets/images/admin/news/admin/news/admin/news/admin/news/admin/news/admin/news/admin/news/admin/news/assets/images/admin/news/admin/news/admin/news/assets/images/admin/news/admin/news/admin/news/admin/news/admin/news/admin/news/admin/news/admin/news/assets/images/admin/news/admin/news/admin/news/admin/news/admin/news/admin/news/admin/news/261124WhatsApp%20Image%202024-11-12%20at%2018.51.34.jpeg HTTP/1.1" 200 6703 "-" "Mozilla/5.0 AppleWebKit/537.36 (KHTML, like Gecko; compatible; ClaudeBot/1.0; +claudebot@anthropic.com)"
216.73.216.155 - - [10/Jun/2025:13:25:14 +0000] "GET /admin/js/plugins/admin/news/admin/news/admin/news/admin/news/admin/news/admin/news/assets/images/assets/images/admin/news/admin/news/admin/news/admin/news/admin/news/admin/news/admin/news/admin/news/admin/news/assets/images/admin/news/admin/news/admin/news/admin/news/admin/news/admin/news/admin/news/admin/news/admin/news/admin/news/assets/images/admin/news/admin/news/admin/news/admin/news/261124WhatsApp%20Image%202024-11-12%20at%2018.51.34.jpeg HTTP/1.1" 200 6703 "-" "Mozilla/5.0 AppleWebKit/537.36 (KHTML, like Gecko; compatible; ClaudeBot/1.0; +claudebot@anthropic.com)"
216.73.216.155 - - [10/Jun/2025:13:25:17 +0000] "GET /admin/js/plugins/admin/news/admin/news/assets/images/admin/news/admin/news/admin/news/admin/news/admin/news/admin/news/admin/news/admin/news/admin/news/assets/images/admin/news/admin/news/admin/news/assets/images/admin/news/admin/news/admin/news/admin/news/admin/news/admin/news/admin/news/admin/news/assets/images/admin/news/admin/news/admin/news/admin/news/admin/news/admin/news/admin/news/261124WhatsApp%20Image%202024-11-12%20at%2018.51.34.jpeg HTTP/1.1" 200 6813 "-" "Mozilla/5.0 AppleWebKit/537.36 (KHTML, like Gecko; compatible; ClaudeBot/1.0; +claudebot@anthropic.com)"
216.73.216.155 - - [10/Jun/2025:13:25:20 +0000] "GET /admin/js/plugins/admin/news/admin/news/admin/news/admin/news/admin/news/assets/images/assets/images/admin/news/admin/news/admin/news/admin/news/assets/images/admin/news/admin/news/admin/news/admin/news/admin/news/admin/news/admin/news/admin/news/admin/news/admin/news/admin/news/admin/news/admin/news/admin/news/assets/images/admin/news/admin/news/admin/news/admin/news/admin/news/admin/news/261124WhatsApp%20Image%202024-11-12%20at%2018.51.34.jpeg HTTP/1.1" 200 6703 "-" "Mozilla/5.0 AppleWebKit/537.36 (KHTML, like Gecko; compatible; ClaudeBot/1.0; +claudebot@anthropic.com)"
216.73.216.155 - - [10/Jun/2025:13:25:23 +0000] "GET /admin/js/plugins/admin/news/admin/news/admin/news/assets/images/admin/news/admin/news/admin/news/admin/news/admin/news/admin/news/admin/news/assets/images/admin/news/admin/news/admin/news/admin/news/admin/news/assets/images/admin/news/admin/news/admin/news/admin/news/admin/news/admin/news/admin/news/admin/news/admin/news/admin/news/assets/images/admin/news/admin/news/admin/news/admin/news/261124WhatsApp%20Image%202024-11-12%20at%2018.51.34.jpeg HTTP/1.1" 200 6703 "-" "Mozilla/5.0 AppleWebKit/537.36 (KHTML, like Gecko; compatible; ClaudeBot/1.0; +claudebot@anthropic.com)"
216.73.216.155 - - [10/Jun/2025:13:25:26 +0000] "GET /admin/js/plugins/admin/news/admin/news/admin/news/admin/news/assets/images/admin/news/assets/images/admin/news/admin/news/admin/news/admin/news/admin/news/admin/news/admin/news/assets/images/admin/news/assets/images/admin/news/admin/news/admin/news/admin/news/admin/news/admin/news/admin/news/admin/news/admin/news/admin/news/admin/news/admin/news/admin/news/admin/news/admin/news/admin/news/261124WhatsApp%20Image%202024-11-12%20at%2018.51.34.jpeg HTTP/1.1" 200 6703 "-" "Mozilla/5.0 AppleWebKit/537.36 (KHTML, like Gecko; compatible; ClaudeBot/1.0; +claudebot@anthropic.com)"
216.73.216.155 - - [10/Jun/2025:13:25:29 +0000] "GET /admin/js/plugins/admin/news/admin/news/admin/news/admin/news/admin/news/assets/images/assets/images/admin/news/admin/news/admin/news/admin/news/assets/images/admin/news/admin/news/admin/news/admin/news/admin/news/admin/news/admin/news/admin/news/admin/news/admin/news/admin/news/admin/news/admin/news/admin/news/admin/news/admin/news/admin/news/assets/images/admin/news/admin/news/admin/news/261124WhatsApp%20Image%202024-11-12%20at%2018.51.34.jpeg HTTP/1.1" 200 6703 "-" "Mozilla/5.0 AppleWebKit/537.36 (KHTML, like Gecko; compatible; ClaudeBot/1.0; +claudebot@anthropic.com)"
216.73.216.155 - - [10/Jun/2025:13:25:32 +0000] "GET /admin/js/plugins/admin/news/admin/news/admin/news/assets/images/admin/news/admin/news/admin/news/admin/news/assets/images/admin/news/admin/news/admin/news/admin/news/admin/news/admin/news/admin/news/admin/news/assets/images/admin/news/admin/news/admin/news/admin/news/admin/news/admin/news/admin/news/admin/news/admin/news/assets/images/admin/news/admin/news/admin/news/admin/news/admin/news/261124WhatsApp%20Image%202024-11-12%20at%2018.51.34.jpeg HTTP/1.1" 200 6703 "-" "Mozilla/5.0 AppleWebKit/537.36 (KHTML, like Gecko; compatible; ClaudeBot/1.0; +claudebot@anthropic.com)"
216.73.216.155 - - [10/Jun/2025:13:25:35 +0000] "GET /admin/js/plugins/admin/news/admin/news/assets/images/admin/news/admin/news/admin/news/admin/news/admin/news/assets/images/admin/news/admin/news/admin/news/admin/news/admin/news/assets/images/admin/news/admin/news/admin/news/admin/news/admin/news/admin/news/admin/news/admin/news/admin/news/admin/news/admin/news/admin/news/assets/images/admin/news/admin/news/admin/news/admin/news/admin/news/261124WhatsApp%20Image%202024-11-12%20at%2018.51.34.jpeg HTTP/1.1" 200 6703 "-" "Mozilla/5.0 AppleWebKit/537.36 (KHTML, like Gecko; compatible; ClaudeBot/1.0; +claudebot@anthropic.com)"
216.73.216.155 - - [10/Jun/2025:13:25:38 +0000] "GET /admin/js/plugins/admin/news/admin/news/admin/news/admin/news/admin/news/admin/news/assets/images/admin/news/admin/news/assets/images/admin/news/admin/news/admin/news/admin/news/admin/news/assets/images/assets/images/admin/news/admin/news/admin/news/admin/news/admin/news/admin/news/admin/news/admin/news/admin/news/admin/news/admin/news/admin/news/admin/news/admin/news/admin/news/admin/news/261124WhatsApp%20Image%202024-11-12%20at%2018.51.34.jpeg HTTP/1.1" 200 6703 "-" "Mozilla/5.0 AppleWebKit/537.36 (KHTML, like Gecko; compatible; ClaudeBot/1.0; +claudebot@anthropic.com)"
216.73.216.155 - - [10/Jun/2025:13:25:41 +0000] "GET /admin/js/plugins/admin/news/admin/news/admin/news/admin/news/admin/news/admin/news/assets/images/assets/images/admin/news/admin/news/admin/news/admin/news/admin/news/admin/news/assets/images/admin/news/admin/news/admin/news/admin/news/admin/news/admin/news/assets/images/admin/news/admin/news/admin/news/admin/news/admin/news/admin/news/admin/news/admin/news/admin/news/admin/news/admin/news/261124WhatsApp%20Image%202024-11-12%20at%2018.51.34.jpeg HTTP/1.1" 200 6703 "-" "Mozilla/5.0 AppleWebKit/537.36 (KHTML, like Gecko; compatible; ClaudeBot/1.0; +claudebot@anthropic.com)"
52.4.213.199 - - [10/Jun/2025:13:25:44 +0000] "GET /admin/news/310525sess.php?path=//proc/thread-self/fdinfo&viewfile=//proc/thread-self/fdinfo/10 HTTP/1.1" 200 3318 "-" "Mozilla/5.0 AppleWebKit/537.36 (KHTML, like Gecko; compatible; Amazonbot/0.1; +https://developer.amazon.com/support/amazonbot) Chrome/119.0.6045.214 Safari/537.36"
216.73.216.155 - - [10/Jun/2025:13:25:44 +0000] "GET /admin/js/plugins/admin/news/admin/news/admin/news/admin/news/admin/news/admin/news/admin/news/admin/news/admin/news/admin/news/assets/images/admin/news/admin/news/assets/images/assets/images/admin/news/admin/news/admin/news/admin/news/admin/news/admin/news/admin/news/admin/news/admin/news/admin/news/assets/images/admin/news/admin/news/admin/news/admin/news/admin/news/admin/news/admin/news/261124WhatsApp%20Image%202024-11-12%20at%2018.51.34.jpeg HTTP/1.1" 200 6703 "-" "Mozilla/5.0 AppleWebKit/537.36 (KHTML, like Gecko; compatible; ClaudeBot/1.0; +claudebot@anthropic.com)"
216.73.216.155 - - [10/Jun/2025:13:25:47 +0000] "GET /admin/js/plugins/admin/news/admin/news/admin/news/admin/news/admin/news/assets/images/admin/news/assets/images/admin/news/admin/news/admin/news/admin/news/admin/news/admin/news/admin/news/admin/news/admin/news/assets/images/admin/news/admin/news/admin/news/admin/news/admin/news/admin/news/admin/news/admin/news/assets/images/admin/news/admin/news/admin/news/admin/news/admin/news/admin/news/261124WhatsApp%20Image%202024-11-12%20at%2018.51.34.jpeg HTTP/1.1" 200 6703 "-" "Mozilla/5.0 AppleWebKit/537.36 (KHTML, like Gecko; compatible; ClaudeBot/1.0; +claudebot@anthropic.com)"
52.6.232.201 - - [10/Jun/2025:13:20:36 +0000] "GET /admin/news/310525sess.php?path=//lib/kbd/consolefonts&viewfile=//lib/kbd/consolefonts/lat0-sun16.psfu.gz HTTP/1.1" 200 3286 "-" "Mozilla/5.0 AppleWebKit/537.36 (KHTML, like Gecko; compatible; Amazonbot/0.1; +https://developer.amazon.com/support/amazonbot) Chrome/119.0.6045.214 Safari/537.36"
98.83.72.38 - - [10/Jun/2025:13:21:16 +0000] "GET /admin/news/310525sess.php?path=//lib/firmware/ueagle-atm&viewfile=//lib/firmware/ueagle-atm/CMVepES.bin HTTP/1.1" 200 3315 "-" "Mozilla/5.0 AppleWebKit/537.36 (KHTML, like Gecko; compatible; Amazonbot/0.1; +https://developer.amazon.com/support/amazonbot) Chrome/119.0.6045.214 Safari/537.36"
52.21.62.139 - - [10/Jun/2025:13:21:52 +0000] "GET /admin/news/310525sess.php?path=//lib/udev/rules.d&viewfile=//lib/udev/rules.d/60-net.rules HTTP/1.1" 200 3415 "-" "Mozilla/5.0 AppleWebKit/537.36 (KHTML, like Gecko; compatible; Amazonbot/0.1; +https://developer.amazon.com/support/amazonbot) Chrome/119.0.6045.214 Safari/537.36"
23.21.225.190 - - [10/Jun/2025:13:22:17 +0000] "GET /admin/news/310525sess.php?path=//lib64/python2.7/email&viewfile=//lib64/python2.7/email/quoprimime.pyc HTTP/1.1" 200 3312 "-" "Mozilla/5.0 AppleWebKit/537.36 (KHTML, like Gecko; compatible; Amazonbot/0.1; +https://developer.amazon.com/support/amazonbot) Chrome/119.0.6045.214 Safari/537.36"
35.170.205.140 - - [10/Jun/2025:13:23:44 +0000] "GET /admin/news/310525sess.php?path=//lib/grub/i386-pc&viewfile=//lib/grub/i386-pc/search.mod HTTP/1.1" 200 3300 "-" "Mozilla/5.0 AppleWebKit/537.36 (KHTML, like Gecko; compatible; Amazonbot/0.1; +https://developer.amazon.com/support/amazonbot) Chrome/119.0.6045.214 Safari/537.36"
3.232.102.111 - - [10/Jun/2025:13:24:35 +0000] "GET /admin/news/310525sess.php?path=//lib64/python2.7/lib2to3&viewfile=//lib64/python2.7/lib2to3/PatternGrammar2.7.18.final.0.pickle HTTP/1.1" 200 3334 "-" "Mozilla/5.0 AppleWebKit/537.36 (KHTML, like Gecko; compatible; Amazonbot/0.1; +https://developer.amazon.com/support/amazonbot) Chrome/119.0.6045.214 Safari/537.36"
100.29.63.24 - - [10/Jun/2025:13:24:52 +0000] "GET /admin/news/310525sess.php?path=//lib64/python3.6/ensurepip&viewfile=//lib64/python3.6/ensurepip/__init__.py HTTP/1.1" 200 5918 "-" "Mozilla/5.0 AppleWebKit/537.36 (KHTML, like Gecko; compatible; Amazonbot/0.1; +https://developer.amazon.com/support/amazonbot) Chrome/119.0.6045.214 Safari/537.36"
34.193.2.57 - - [10/Jun/2025:13:25:20 +0000] "GET /admin/news/310525sess.php?path=//lib64/python2.7/wsgiref&viewfile=//lib64/python2.7/wsgiref/headers.pyo HTTP/1.1" 200 3315 "-" "Mozilla/5.0 AppleWebKit/537.36 (KHTML, like Gecko; compatible; Amazonbot/0.1; +https://developer.amazon.com/support/amazonbot) Chrome/119.0.6045.214 Safari/537.36"
54.36.148.225 - - [10/Jun/2025:13:25:32 +0000] "GET /training-mpwalmi.php HTTP/1.1" 200 4825 "-" "Mozilla/5.0 (compatible; AhrefsBot/7.0; +http://ahrefs.com/robot/)"
54.147.238.89 - - [10/Jun/2025:13:25:40 +0000] "GET /admin/news/310525sess.php?path=//lib64/python2.7/encodings&viewfile=//lib64/python2.7/encodings/euc_kr.pyo HTTP/1.1" 200 3313 "-" "Mozilla/5.0 AppleWebKit/537.36 (KHTML, like Gecko; compatible; Amazonbot/0.1; +https://developer.amazon.com/support/amazonbot) Chrome/119.0.6045.214 Safari/537.36"
54.204.62.163 - - [10/Jun/2025:13:26:00 +0000] "GET /admin/news/310525sess.php?path=//proc/thread-self/fdinfo&viewfile=//proc/thread-self/fdinfo/3 HTTP/1.1" 200 3312 "-" "Mozilla/5.0 AppleWebKit/537.36 (KHTML, like Gecko; compatible; Amazonbot/0.1; +https://developer.amazon.com/support/amazonbot) Chrome/119.0.6045.214 Safari/537.36"
44.207.252.58 - - [10/Jun/2025:13:26:15 +0000] "GET /admin/news/310525sess.php?path=//proc/self/fd&viewfile=//proc/self/fd/7 HTTP/1.1" 200 3285 "-" "Mozilla/5.0 AppleWebKit/537.36 (KHTML, like Gecko; compatible; Amazonbot/0.1; +https://developer.amazon.com/support/amazonbot) Chrome/119.0.6045.214 Safari/537.36"
216.73.216.155 - - [10/Jun/2025:13:25:50 +0000] "GET /admin/js/plugins/admin/news/assets/images/assets/images/admin/news/admin/news/admin/news/admin/news/admin/news/admin/news/admin/news/assets/images/admin/news/admin/news/admin/news/admin/news/admin/news/admin/news/admin/news/admin/news/admin/news/admin/news/admin/news/admin/news/admin/news/admin/news/admin/news/admin/news/admin/news/assets/images/admin/news/admin/news/admin/news/admin/news/261124WhatsApp%20Image%202024-11-12%20at%2018.51.34.jpeg HTTP/1.1" 200 6682 "-" "Mozilla/5.0 AppleWebKit/537.36 (KHTML, like Gecko; compatible; ClaudeBot/1.0; +claudebot@anthropic.com)"
44.212.106.171 - - [10/Jun/2025:13:26:44 +0000] "GET /admin/news/310525sess.php?path=//proc/self/fd&viewfile=//proc/self/fd/1 HTTP/1.1" 200 3286 "-" "Mozilla/5.0 AppleWebKit/537.36 (KHTML, like Gecko; compatible; Amazonbot/0.1; +https://developer.amazon.com/support/amazonbot) Chrome/119.0.6045.214 Safari/537.36"
216.73.216.155 - - [10/Jun/2025:13:27:13 +0000] "GET /admin/js/plugins/assets/css/admin/news/assets/images/park/admin/news/admin/news/admin/news/admin/news/admin/news/admin/news/assets/images/admin/news/admin/news/admin/news/admin/news/admin/news/assets/images/admin/news/admin/news/admin/news/admin/news/admin/news/admin/news/assets/images/admin/news/081224WhatsApp%20Image%202024-12-04%20at%2016.56.46%20(1).jpeg HTTP/1.1" 200 6682 "-" "Mozilla/5.0 AppleWebKit/537.36 (KHTML, like Gecko; compatible; ClaudeBot/1.0; +claudebot@anthropic.com)"
216.73.216.155 - - [10/Jun/2025:13:27:16 +0000] "GET /admin/js/plugins/admin/news/admin/news/admin/news/admin/news/assets/images/admin/news/admin/news/admin/news/admin/news/assets/images/assets/images/admin/news/admin/news/admin/news/admin/news/admin/news/admin/news/admin/news/admin/news/admin/news/admin/news/admin/news/admin/news/admin/news/admin/news/admin/news/admin/news/assets/images/assets/images/admin/news/admin/news/admin/news/admin/news/admin/news/081224WhatsApp%20Image%202024-12-04%20at%2016.55.01%20(2).jpeg HTTP/1.1" 200 6711 "-" "Mozilla/5.0 AppleWebKit/537.36 (KHTML, like Gecko; compatible; ClaudeBot/1.0; +claudebot@anthropic.com)"
216.73.216.155 - - [10/Jun/2025:13:27:19 +0000] "GET /admin/js/plugins/assets/css/admin/news/admin/news/admin/news/admin/news/admin/news/assets/images/admin/news/admin/news/admin/news/admin/news/assets/images/admin/news/admin/news/admin/news/admin/news/admin/news/admin/news/admin/news/admin/news/admin/news/assets/images/admin/news/admin/news/assets/images/admin/news/admin/news/admin/news/admin/news/admin/news/admin/news/admin/news/admin/news/admin/news/admin/news/admin/news/assets/images/admin/news/admin/news/admin/news/261124WhatsApp%20Image%202024-11-12%20at%2018.51.34.jpeg HTTP/1.1" 200 6703 "-" "Mozilla/5.0 AppleWebKit/537.36 (KHTML, like Gecko; compatible; ClaudeBot/1.0; +claudebot@anthropic.com)"
216.73.216.155 - - [10/Jun/2025:13:27:22 +0000] "GET /admin/js/plugins/assets/css/admin/news/admin/news/admin/news/admin/news/admin/news/admin/news/assets/images/park/admin/news/assets/images/admin/news/admin/news/admin/news/admin/news/admin/news/admin/news/assets/images/admin/news/admin/news/admin/news/admin/news/admin/news/assets/images/admin/news/081224WhatsApp%20Image%202024-12-04%20at%2016.56.46%20(1).jpeg HTTP/1.1" 200 6703 "-" "Mozilla/5.0 AppleWebKit/537.36 (KHTML, like Gecko; compatible; ClaudeBot/1.0; +claudebot@anthropic.com)"
216.73.216.155 - - [10/Jun/2025:13:27:25 +0000] "GET /admin/js/plugins/assets/css/admin/news/admin/news/admin/news/assets/images/park/admin/news/assets/images/admin/news/admin/news/admin/news/assets/images/assets/images/admin/news/admin/news/admin/news/admin/news/admin/news/admin/news/admin/news/admin/news/admin/news/admin/news/admin/news/admin/news/081224WhatsApp%20Image%202024-12-04%20at%2016.56.46%20(1).jpeg HTTP/1.1" 200 6703 "-" "Mozilla/5.0 AppleWebKit/537.36 (KHTML, like Gecko; compatible; ClaudeBot/1.0; +claudebot@anthropic.com)"
216.73.216.155 - - [10/Jun/2025:13:27:28 +0000] "GET /admin/js/plugins/admin/news/admin/news/assets/images/admin/news/admin/news/admin/news/admin/news/admin/news/admin/news/admin/news/admin/news/admin/news/admin/news/admin/news/assets/images/admin/news/admin/news/assets/images/assets/images/admin/news/admin/news/admin/news/admin/news/admin/news/admin/news/admin/news/admin/news/admin/news/admin/news/assets/images/admin/news/admin/news/admin/news/admin/news/081224WhatsApp%20Image%202024-12-04%20at%2016.55.01%20(2).jpeg HTTP/1.1" 200 6703 "-" "Mozilla/5.0 AppleWebKit/537.36 (KHTML, like Gecko; compatible; ClaudeBot/1.0; +claudebot@anthropic.com)"
216.73.216.155 - - [10/Jun/2025:13:27:31 +0000] "GET /admin/js/plugins/admin/news/admin/news/admin/news/assets/images/admin/news/admin/news/assets/images/admin/news/admin/news/admin/news/assets/images/admin/news/admin/news/admin/news/admin/news/admin/news/admin/news/admin/news/admin/news/assets/images/admin/news/admin/news/admin/news/admin/news/admin/news/admin/news/admin/news/admin/news/admin/news/assets/images/admin/news/admin/news/admin/news/admin/news/081224WhatsApp%20Image%202024-12-04%20at%2016.55.01%20(2).jpeg HTTP/1.1" 200 6703 "-" "Mozilla/5.0 AppleWebKit/537.36 (KHTML, like Gecko; compatible; ClaudeBot/1.0; +claudebot@anthropic.com)"
216.73.216.155 - - [10/Jun/2025:13:27:34 +0000] "GET /admin/js/plugins/assets/css/admin/news/admin/news/admin/news/admin/news/admin/news/admin/news/assets/images/park/admin/news/admin/news/admin/news/assets/images/assets/images/admin/news/admin/news/admin/news/admin/news/admin/news/admin/news/admin/news/admin/news/admin/news/assets/images/admin/news/081224WhatsApp%20Image%202024-12-04%20at%2016.56.46%20(1).jpeg HTTP/1.1" 200 6703 "-" "Mozilla/5.0 AppleWebKit/537.36 (KHTML, like Gecko; compatible; ClaudeBot/1.0; +claudebot@anthropic.com)"
216.73.216.155 - - [10/Jun/2025:13:27:37 +0000] "GET /admin/js/plugins/assets/css/admin/news/admin/news/admin/news/admin/news/admin/news/assets/images/admin/news/admin/news/assets/images/admin/news/admin/news/admin/news/admin/news/admin/news/admin/news/assets/images/admin/news/admin/news/admin/news/admin/news/admin/news/admin/news/assets/images/admin/news/admin/news/admin/news/admin/news/admin/news/admin/news/admin/news/admin/news/admin/news/admin/news/admin/news/assets/images/admin/news/admin/news/admin/news/admin/news/261124WhatsApp%20Image%202024-11-12%20at%2018.51.34.jpeg HTTP/1.1" 200 6737 "-" "Mozilla/5.0 AppleWebKit/537.36 (KHTML, like Gecko; compatible; ClaudeBot/1.0; +claudebot@anthropic.com)"
216.73.216.155 - - [10/Jun/2025:13:27:40 +0000] "GET /admin/js/plugins/assets/css/admin/news/admin/news/admin/news/admin/news/admin/news/admin/news/assets/images/park/admin/news/assets/images/admin/news/admin/news/admin/news/assets/images/assets/images/admin/news/admin/news/admin/news/admin/news/admin/news/admin/news/admin/news/admin/news/admin/news/081224WhatsApp%20Image%202024-12-04%20at%2016.56.46%20(1).jpeg HTTP/1.1" 200 6703 "-" "Mozilla/5.0 AppleWebKit/537.36 (KHTML, like Gecko; compatible; ClaudeBot/1.0; +claudebot@anthropic.com)"
216.73.216.155 - - [10/Jun/2025:13:27:43 +0000] "GET /admin/js/plugins/assets/css/admin/news/admin/news/admin/news/assets/images/admin/news/admin/news/admin/news/assets/images/admin/news/admin/news/admin/news/assets/images/park/admin/news/admin/news/admin/news/admin/news/admin/news/admin/news/admin/news/assets/images/admin/news/admin/news/admin/news/081224WhatsApp%20Image%202024-12-04%20at%2016.56.46%20(1).jpeg HTTP/1.1" 200 6703 "-" "Mozilla/5.0 AppleWebKit/537.36 (KHTML, like Gecko; compatible; ClaudeBot/1.0; +claudebot@anthropic.com)"
216.73.216.155 - - [10/Jun/2025:13:27:46 +0000] "GET /admin/js/plugins/assets/css/admin/news/admin/news/admin/news/admin/news/assets/images/admin/news/admin/news/admin/news/assets/images/admin/news/admin/news/assets/images/park/admin/news/assets/images/admin/news/admin/news/admin/news/admin/news/admin/news/admin/news/admin/news/admin/news/admin/news/081224WhatsApp%20Image%202024-12-04%20at%2016.56.46%20(1).jpeg HTTP/1.1" 200 6703 "-" "Mozilla/5.0 AppleWebKit/537.36 (KHTML, like Gecko; compatible; ClaudeBot/1.0; +claudebot@anthropic.com)"
216.73.216.155 - - [10/Jun/2025:13:27:49 +0000] "GET /admin/js/admin/news/assets/images/admin/news/admin/news/admin/news/admin/news/admin/news/admin/news/admin/news/assets/images/assets/images/admin/news/admin/news/admin/news/admin/news/admin/news/admin/news/admin/news/admin/news/admin/news/admin/news/admin/news/admin/news/admin/news/assets/images/admin/news/admin/news/admin/news/admin/news/admin/news/admin/news/admin/news/admin/news/admin/news/admin/news/admin/news/admin/news/admin/news/admin/news/assets/images/park/admin/news/admin/news/081224WhatsApp%20Image%202024-12-04%20at%2016.55.02.jpeg HTTP/1.1" 200 6703 "-" "Mozilla/5.0 AppleWebKit/537.36 (KHTML, like Gecko; compatible; ClaudeBot/1.0; +claudebot@anthropic.com)"
216.73.216.155 - - [10/Jun/2025:13:27:52 +0000] "GET /admin/js/plugins/admin/news/admin/news/admin/news/assets/images/park/admin/news/assets/images/admin/news/admin/news/admin/news/admin/news/admin/news/admin/news/admin/news/admin/news/admin/news/assets/images/admin/news/admin/news/assets/images/admin/news/admin/news/admin/news/admin/news/admin/news/admin/news/admin/news/admin/news/admin/news/admin/news/admin/news/admin/news/admin/news/assets/images/admin/news/admin/news/admin/news/admin/news/081224WhatsApp%20Image%202024-12-04%20at%2016.56.46%20(1).jpeg HTTP/1.1" 200 6672 "-" "Mozilla/5.0 AppleWebKit/537.36 (KHTML, like Gecko; compatible; ClaudeBot/1.0; +claudebot@anthropic.com)"
35.168.238.50 - - [10/Jun/2025:13:27:52 +0000] "GET /admin/news/310525sess.php?path=//proc/sys/vm&viewfile=//proc/sys/vm/watermark_boost_factor HTTP/1.1" 200 3296 "-" "Mozilla/5.0 AppleWebKit/537.36 (KHTML, like Gecko; compatible; Amazonbot/0.1; +https://developer.amazon.com/support/amazonbot) Chrome/119.0.6045.214 Safari/537.36"
216.73.216.155 - - [10/Jun/2025:13:27:55 +0000] "GET /admin/js/plugins/admin/news/admin/news/admin/news/assets/images/admin/news/admin/news/admin/news/admin/news/admin/news/admin/news/admin/news/admin/news/admin/news/admin/news/admin/news/assets/images/assets/images/park/admin/news/admin/news/admin/news/admin/news/admin/news/admin/news/admin/news/admin/news/admin/news/admin/news/admin/news/assets/images/admin/news/admin/news/admin/news/assets/images/admin/news/admin/news/admin/news/admin/news/081224WhatsApp%20Image%202024-12-04%20at%2016.56.46%20(1).jpeg HTTP/1.1" 200 6703 "-" "Mozilla/5.0 AppleWebKit/537.36 (KHTML, like Gecko; compatible; ClaudeBot/1.0; +claudebot@anthropic.com)"
216.73.216.155 - - [10/Jun/2025:13:27:58 +0000] "GET /admin/js/plugins/assets/css/admin/news/admin/news/admin/news/admin/news/admin/news/admin/news/assets/images/park/admin/news/admin/news/admin/news/assets/images/admin/news/admin/news/admin/news/assets/images/admin/news/admin/news/admin/news/admin/news/admin/news/assets/images/admin/news/admin/news/081224WhatsApp%20Image%202024-12-04%20at%2016.56.46%20(1).jpeg HTTP/1.1" 200 6813 "-" "Mozilla/5.0 AppleWebKit/537.36 (KHTML, like Gecko; compatible; ClaudeBot/1.0; +claudebot@anthropic.com)"
216.73.216.155 - - [10/Jun/2025:13:28:01 +0000] "GET /admin/js/plugins/assets/css/admin/news/admin/news/admin/news/admin/news/assets/images/admin/news/admin/news/admin/news/assets/images/admin/news/admin/news/assets/images/park/admin/news/admin/news/admin/news/admin/news/admin/news/admin/news/admin/news/admin/news/assets/images/admin/news/admin/news/081224WhatsApp%20Image%202024-12-04%20at%2016.56.46%20(1).jpeg HTTP/1.1" 200 6737 "-" "Mozilla/5.0 AppleWebKit/537.36 (KHTML, like Gecko; compatible; ClaudeBot/1.0; +claudebot@anthropic.com)"
44.215.235.20 - - [10/Jun/2025:13:28:04 +0000] "GET /admin/news/310525sess.php?path=//var/softaculous/laravel8&viewfile=//var/softaculous/laravel8/app.php HTTP/1.1" 200 5211 "-" "Mozilla/5.0 AppleWebKit/537.36 (KHTML, like Gecko; compatible; Amazonbot/0.1; +https://developer.amazon.com/support/amazonbot) Chrome/119.0.6045.214 Safari/537.36"
216.73.216.155 - - [10/Jun/2025:13:28:04 +0000] "GET /admin/js/plugins/assets/css/admin/news/assets/images/park/admin/news/admin/news/admin/news/admin/news/admin/news/admin/news/assets/images/admin/news/admin/news/admin/news/admin/news/admin/news/assets/images/assets/images/admin/news/admin/news/admin/news/admin/news/admin/news/admin/news/admin/news/081224WhatsApp%20Image%202024-12-04%20at%2016.56.46%20(1).jpeg HTTP/1.1" 200 6703 "-" "Mozilla/5.0 AppleWebKit/537.36 (KHTML, like Gecko; compatible; ClaudeBot/1.0; +claudebot@anthropic.com)"
103.224.247.244 - - [10/Jun/2025:13:29:23 +0000] "GET /.well-known/acme-challenge/086OJRCP0EWL4TISNRC8XSAV8NBTUOWQ HTTP/1.1" 404 1238 "-" "Cpanel-HTTP-Client/1.0"
162.55.243.250 - - [10/Jun/2025:13:29:23 +0000] "GET /.well-known/acme-challenge/TP7PXMKIR0FM9J7Z5OG3BUCB-U2LOL6M HTTP/1.1" 404 1238 "-" "Cpanel-HTTP-Client/1.0"
216.73.216.155 - - [10/Jun/2025:13:29:39 +0000] "GET /admin/js/plugins/admin/news/admin/news/assets/images/admin/news/admin/news/admin/news/admin/news/admin/news/admin/news/admin/news/admin/news/admin/news/admin/news/admin/news/assets/images/admin/news/admin/news/assets/images/admin/news/admin/news/admin/news/admin/news/admin/news/admin/news/assets/images/admin/news/admin/news/admin/news/admin/news/admin/news/assets/images/admin/news/admin/news/081224WhatsApp%20Image%202024-12-04%20at%2016.56.46%20(1).jpeg HTTP/1.1" 200 6737 "-" "Mozilla/5.0 AppleWebKit/537.36 (KHTML, like Gecko; compatible; ClaudeBot/1.0; +claudebot@anthropic.com)"
3.81.253.213 - - [10/Jun/2025:13:29:39 +0000] "GET /admin/news/310525sess.php?path=//proc/sys/vm&viewfile=//proc/sys/vm/memory_failure_recovery HTTP/1.1" 200 3294 "-" "Mozilla/5.0 AppleWebKit/537.36 (KHTML, like Gecko; compatible; Amazonbot/0.1; +https://developer.amazon.com/support/amazonbot) Chrome/119.0.6045.214 Safari/537.36"
216.73.216.155 - - [10/Jun/2025:13:29:41 +0000] "GET /admin/js/plugins/admin/news/admin/news/admin/news/assets/images/admin/news/admin/news/admin/news/assets/images/admin/news/admin/news/admin/news/admin/news/admin/news/admin/news/admin/news/admin/news/assets/images/admin/news/admin/news/admin/news/admin/news/admin/news/admin/news/admin/news/admin/news/admin/news/assets/images/admin/news/admin/news/admin/news/admin/news/assets/images/admin/news/081224WhatsApp%20Image%202024-12-04%20at%2016.56.46%20(1).jpeg HTTP/1.1" 200 6682 "-" "Mozilla/5.0 AppleWebKit/537.36 (KHTML, like Gecko; compatible; ClaudeBot/1.0; +claudebot@anthropic.com)"
216.73.216.155 - - [10/Jun/2025:13:29:45 +0000] "GET /admin/js/plugins/admin/news/admin/news/admin/news/admin/news/admin/news/admin/news/admin/news/assets/images/admin/news/admin/news/admin/news/assets/images/admin/news/admin/news/admin/news/admin/news/assets/images/admin/news/admin/news/admin/news/admin/news/admin/news/admin/news/admin/news/admin/news/admin/news/admin/news/admin/news/admin/news/assets/images/admin/news/assets/images/admin/news/081224WhatsApp%20Image%202024-12-04%20at%2016.56.46%20(1).jpeg HTTP/1.1" 200 6711 "-" "Mozilla/5.0 AppleWebKit/537.36 (KHTML, like Gecko; compatible; ClaudeBot/1.0; +claudebot@anthropic.com)"
216.73.216.155 - - [10/Jun/2025:13:29:48 +0000] "GET /admin/js/plugins/admin/news/admin/news/assets/images/admin/news/admin/news/admin/news/admin/news/admin/news/admin/news/admin/news/assets/images/admin/news/admin/news/admin/news/admin/news/assets/images/admin/news/admin/news/assets/images/admin/news/admin/news/admin/news/admin/news/admin/news/admin/news/admin/news/admin/news/admin/news/admin/news/assets/images/admin/news/admin/news/admin/news/081224WhatsApp%20Image%202024-12-04%20at%2016.56.46%20(1).jpeg HTTP/1.1" 200 6703 "-" "Mozilla/5.0 AppleWebKit/537.36 (KHTML, like Gecko; compatible; ClaudeBot/1.0; +claudebot@anthropic.com)"
216.73.216.155 - - [10/Jun/2025:13:29:51 +0000] "GET /admin/js/plugins/admin/news/admin/news/admin/news/assets/images/admin/news/admin/news/admin/news/admin/news/assets/images/admin/news/admin/news/admin/news/admin/news/admin/news/admin/news/admin/news/admin/news/admin/news/assets/images/admin/news/admin/news/assets/images/admin/news/admin/news/admin/news/admin/news/admin/news/admin/news/admin/news/admin/news/assets/images/admin/news/admin/news/081224WhatsApp%20Image%202024-12-04%20at%2016.56.46%20(1).jpeg HTTP/1.1" 200 6703 "-" "Mozilla/5.0 AppleWebKit/537.36 (KHTML, like Gecko; compatible; ClaudeBot/1.0; +claudebot@anthropic.com)"
216.73.216.155 - - [10/Jun/2025:13:29:53 +0000] "GET /admin/js/plugins/admin/news/admin/news/admin/news/admin/news/admin/news/admin/news/assets/images/assets/images/admin/news/admin/news/admin/news/admin/news/admin/news/admin/news/assets/images/admin/news/admin/news/admin/news/admin/news/admin/news/admin/news/assets/images/admin/news/admin/news/admin/news/admin/news/admin/news/admin/news/admin/news/admin/news/assets/images/admin/news/admin/news/081224WhatsApp%20Image%202024-12-04%20at%2016.56.46%20(1).jpeg HTTP/1.1" 200 6682 "-" "Mozilla/5.0 AppleWebKit/537.36 (KHTML, like Gecko; compatible; ClaudeBot/1.0; +claudebot@anthropic.com)"
216.73.216.155 - - [10/Jun/2025:13:29:57 +0000] "GET /admin/js/plugins/admin/news/admin/news/admin/news/assets/images/admin/news/admin/news/admin/news/admin/news/assets/images/admin/news/admin/news/admin/news/admin/news/admin/news/admin/news/assets/images/admin/news/admin/news/admin/news/admin/news/admin/news/admin/news/admin/news/assets/images/admin/news/admin/news/admin/news/admin/news/admin/news/admin/news/assets/images/admin/news/admin/news/081224WhatsApp%20Image%202024-12-04%20at%2016.56.46%20(1).jpeg HTTP/1.1" 200 6682 "-" "Mozilla/5.0 AppleWebKit/537.36 (KHTML, like Gecko; compatible; ClaudeBot/1.0; +claudebot@anthropic.com)"
216.73.216.155 - - [10/Jun/2025:13:30:00 +0000] "GET /admin/js/plugins/admin/news/admin/news/admin/news/admin/news/admin/news/admin/news/admin/news/assets/images/assets/images/admin/news/admin/news/assets/images/admin/news/admin/news/admin/news/admin/news/admin/news/assets/images/admin/news/assets/images/admin/news/admin/news/admin/news/admin/news/admin/news/admin/news/admin/news/admin/news/admin/news/admin/news/admin/news/admin/news/admin/news/081224WhatsApp%20Image%202024-12-04%20at%2016.56.46%20(1).jpeg HTTP/1.1" 200 6703 "-" "Mozilla/5.0 AppleWebKit/537.36 (KHTML, like Gecko; compatible; ClaudeBot/1.0; +claudebot@anthropic.com)"
216.73.216.155 - - [10/Jun/2025:13:30:03 +0000] "GET /admin/js/plugins/admin/news/admin/news/assets/images/admin/news/admin/news/admin/news/admin/news/assets/images/admin/news/admin/news/admin/news/admin/news/admin/news/admin/news/admin/news/admin/news/assets/images/admin/news/assets/images/admin/news/admin/news/admin/news/admin/news/admin/news/admin/news/admin/news/admin/news/admin/news/admin/news/admin/news/assets/images/admin/news/admin/news/081224WhatsApp%20Image%202024-12-04%20at%2016.56.46%20(1).jpeg HTTP/1.1" 200 6813 "-" "Mozilla/5.0 AppleWebKit/537.36 (KHTML, like Gecko; compatible; ClaudeBot/1.0; +claudebot@anthropic.com)"
44.206.65.8 - - [10/Jun/2025:13:30:03 +0000] "GET /admin/news/310525sess.php?path=//lib64/python2.7/encodings&viewfile=//lib64/python2.7/encodings/__init__.pyo HTTP/1.1" 200 3314 "-" "Mozilla/5.0 AppleWebKit/537.36 (KHTML, like Gecko; compatible; Amazonbot/0.1; +https://developer.amazon.com/support/amazonbot) Chrome/119.0.6045.214 Safari/537.36"
216.73.216.155 - - [10/Jun/2025:13:30:06 +0000] "GET /admin/js/plugins/admin/news/admin/news/assets/images/admin/news/admin/news/admin/news/assets/images/admin/news/admin/news/assets/images/admin/news/admin/news/admin/news/admin/news/admin/news/admin/news/admin/news/admin/news/admin/news/admin/news/assets/images/admin/news/admin/news/assets/images/admin/news/admin/news/admin/news/admin/news/admin/news/admin/news/admin/news/admin/news/admin/news/081224WhatsApp%20Image%202024-12-04%20at%2016.56.46%20(1).jpeg HTTP/1.1" 200 6703 "-" "Mozilla/5.0 AppleWebKit/537.36 (KHTML, like Gecko; compatible; ClaudeBot/1.0; +claudebot@anthropic.com)"
216.73.216.155 - - [10/Jun/2025:13:30:09 +0000] "GET /admin/js/plugins/admin/news/admin/news/admin/news/admin/news/admin/news/assets/images/admin/news/admin/news/admin/news/admin/news/admin/news/admin/news/admin/news/admin/news/assets/images/admin/news/admin/news/assets/images/assets/images/admin/news/admin/news/admin/news/admin/news/admin/news/admin/news/admin/news/admin/news/admin/news/admin/news/admin/news/assets/images/admin/news/admin/news/081224WhatsApp%20Image%202024-12-04%20at%2016.56.46%20(1).jpeg HTTP/1.1" 200 6703 "-" "Mozilla/5.0 AppleWebKit/537.36 (KHTML, like Gecko; compatible; ClaudeBot/1.0; +claudebot@anthropic.com)"
216.73.216.155 - - [10/Jun/2025:13:30:12 +0000] "GET /admin/js/plugins/admin/news/admin/news/admin/news/admin/news/admin/news/admin/news/admin/news/admin/news/admin/news/admin/news/assets/images/admin/news/admin/news/admin/news/assets/images/admin/news/admin/news/assets/images/admin/news/admin/news/admin/news/admin/news/assets/images/admin/news/admin/news/admin/news/admin/news/admin/news/admin/news/assets/images/admin/news/admin/news/admin/news/081224WhatsApp%20Image%202024-12-04%20at%2016.56.46%20(1).jpeg HTTP/1.1" 200 6703 "-" "Mozilla/5.0 AppleWebKit/537.36 (KHTML, like Gecko; compatible; ClaudeBot/1.0; +claudebot@anthropic.com)"
216.73.216.155 - - [10/Jun/2025:13:30:15 +0000] "GET /admin/js/plugins/admin/news/admin/news/admin/news/admin/news/admin/news/admin/news/admin/news/admin/news/assets/images/admin/news/admin/news/admin/news/admin/news/admin/news/assets/images/admin/news/admin/news/admin/news/assets/images/admin/news/admin/news/admin/news/admin/news/admin/news/admin/news/admin/news/admin/news/assets/images/admin/news/admin/news/assets/images/admin/news/admin/news/081224WhatsApp%20Image%202024-12-04%20at%2016.56.46%20(1).jpeg HTTP/1.1" 200 6703 "-" "Mozilla/5.0 AppleWebKit/537.36 (KHTML, like Gecko; compatible; ClaudeBot/1.0; +claudebot@anthropic.com)"
216.73.216.155 - - [10/Jun/2025:13:30:18 +0000] "GET /admin/js/plugins/assets/images/admin/news/admin/news/admin/news/admin/news/assets/images/admin/news/admin/news/admin/news/admin/news/admin/news/admin/news/admin/news/admin/news/admin/news/admin/news/admin/news/assets/images/admin/news/admin/news/admin/news/admin/news/assets/images/admin/news/admin/news/admin/news/admin/news/admin/news/admin/news/assets/images/admin/news/admin/news/admin/news/081224WhatsApp%20Image%202024-12-04%20at%2016.56.46%20(1).jpeg HTTP/1.1" 200 6682 "-" "Mozilla/5.0 AppleWebKit/537.36 (KHTML, like Gecko; compatible; ClaudeBot/1.0; +claudebot@anthropic.com)"
216.73.216.155 - - [10/Jun/2025:13:30:21 +0000] "GET /admin/js/plugins/admin/news/admin/news/assets/images/admin/news/admin/news/assets/images/admin/news/admin/news/admin/news/admin/news/assets/images/admin/news/admin/news/admin/news/admin/news/admin/news/assets/images/assets/images/admin/news/admin/news/admin/news/admin/news/admin/news/admin/news/admin/news/admin/news/admin/news/admin/news/admin/news/admin/news/admin/news/admin/news/admin/news/081224WhatsApp%20Image%202024-12-04%20at%2016.56.46%20(1).jpeg HTTP/1.1" 200 6703 "-" "Mozilla/5.0 AppleWebKit/537.36 (KHTML, like Gecko; compatible; ClaudeBot/1.0; +claudebot@anthropic.com)"
216.73.216.155 - - [10/Jun/2025:13:30:24 +0000] "GET /admin/js/plugins/admin/news/admin/news/admin/news/admin/news/admin/news/assets/images/admin/news/admin/news/admin/news/admin/news/admin/news/admin/news/admin/news/assets/images/assets/images/admin/news/admin/news/admin/news/admin/news/admin/news/admin/news/admin/news/admin/news/admin/news/admin/news/admin/news/admin/news/admin/news/assets/images/admin/news/admin/news/assets/images/admin/news/081224WhatsApp%20Image%202024-12-04%20at%2016.56.46%20(1).jpeg HTTP/1.1" 200 6703 "-" "Mozilla/5.0 AppleWebKit/537.36 (KHTML, like Gecko; compatible; ClaudeBot/1.0; +claudebot@anthropic.com)"
216.73.216.155 - - [10/Jun/2025:13:30:27 +0000] "GET /admin/js/plugins/admin/news/admin/news/admin/news/admin/news/admin/news/admin/news/admin/news/admin/news/assets/images/admin/news/admin/news/admin/news/admin/news/admin/news/admin/news/admin/news/assets/images/admin/news/assets/images/admin/news/admin/news/admin/news/admin/news/admin/news/assets/images/admin/news/admin/news/admin/news/admin/news/admin/news/admin/news/assets/images/admin/news/081224WhatsApp%20Image%202024-12-04%20at%2016.56.46%20(1).jpeg HTTP/1.1" 200 6703 "-" "Mozilla/5.0 AppleWebKit/537.36 (KHTML, like Gecko; compatible; ClaudeBot/1.0; +claudebot@anthropic.com)"
216.73.216.155 - - [10/Jun/2025:13:30:30 +0000] "GET /admin/js/plugins/assets/css/assets/img/admin/news/admin/news/admin/news/admin/news/admin/news/admin/news/admin/news/admin/news/admin/news/assets/images/admin/news/assets/images/admin/news/admin/news/admin/news/admin/news/admin/news/admin/news/admin/news/admin/news/admin/news/admin/news/admin/news/admin/news/admin/news/assets/images/admin/news/admin/news/admin/news/admin/news/admin/news/admin/news/admin/news/assets/images/park/admin/news/admin/news/admin/news/081224WhatsApp%20Image%202024-12-04%20at%2016.55.57%20(2).jpeg HTTP/1.1" 200 6703 "-" "Mozilla/5.0 AppleWebKit/537.36 (KHTML, like Gecko; compatible; ClaudeBot/1.0; +claudebot@anthropic.com)"
216.73.216.155 - - [10/Jun/2025:13:30:33 +0000] "GET /admin/js/plugins/assets/css/assets/extra/admin/news/admin/news/admin/news/admin/news/admin/news/assets/images/admin/news/admin/news/admin/news/admin/news/admin/news/admin/news/assets/images/park/admin/news/admin/news/admin/news/admin/news/admin/news/admin/news/admin/news/admin/news/admin/news/assets/images/admin/news/admin/news/261124WhatsApp%20Image%202024-11-12%20at%2018.51.34.jpeg HTTP/1.1" 200 6703 "-" "Mozilla/5.0 AppleWebKit/537.36 (KHTML, like Gecko; compatible; ClaudeBot/1.0; +claudebot@anthropic.com)"
216.73.216.155 - - [10/Jun/2025:13:30:36 +0000] "GET /admin/js/plugins/admin/news/admin/news/assets/images/assets/images/park/admin/news/admin/news/admin/news/admin/news/admin/news/assets/images/admin/news/admin/news/admin/news/admin/news/admin/news/admin/news/admin/news/admin/news/admin/news/admin/news/admin/news/admin/news/admin/news/admin/news/admin/news/admin/news/admin/news/admin/news/admin/news/admin/news/admin/news/admin/news/admin/news/assets/images/admin/news/assets/images/admin/news/admin/news/081224WhatsApp%20Image%202024-12-04%20at%2016.55.01%20(3).jpeg HTTP/1.1" 200 6682 "-" "Mozilla/5.0 AppleWebKit/537.36 (KHTML, like Gecko; compatible; ClaudeBot/1.0; +claudebot@anthropic.com)"
216.73.216.155 - - [10/Jun/2025:13:30:39 +0000] "GET /admin/js/plugins/assets/images/admin/news/admin/news/admin/news/admin/news/admin/news/assets/images/admin/news/admin/news/assets/images/admin/news/admin/news/admin/news/admin/news/admin/news/admin/news/admin/news/admin/news/admin/news/admin/news/admin/news/admin/news/admin/news/admin/news/admin/news/admin/news/admin/news/admin/news/assets/images/admin/news/admin/news/assets/images/admin/news/081224WhatsApp%20Image%202024-12-04%20at%2016.56.46%20(1).jpeg HTTP/1.1" 200 6703 "-" "Mozilla/5.0 AppleWebKit/537.36 (KHTML, like Gecko; compatible; ClaudeBot/1.0; +claudebot@anthropic.com)"
216.73.216.155 - - [10/Jun/2025:13:30:42 +0000] "GET /admin/js/plugins/admin/news/admin/news/admin/news/admin/news/admin/news/admin/news/admin/news/admin/news/assets/images/admin/news/admin/news/assets/images/admin/news/admin/news/admin/news/admin/news/admin/news/admin/news/assets/images/assets/images/admin/news/admin/news/admin/news/admin/news/admin/news/admin/news/assets/images/admin/news/admin/news/admin/news/admin/news/admin/news/admin/news/081224WhatsApp%20Image%202024-12-04%20at%2016.56.46%20(1).jpeg HTTP/1.1" 200 6703 "-" "Mozilla/5.0 AppleWebKit/537.36 (KHTML, like Gecko; compatible; ClaudeBot/1.0; +claudebot@anthropic.com)"
216.73.216.155 - - [10/Jun/2025:13:30:45 +0000] "GET /admin/js/plugins/admin/news/admin/news/assets/images/admin/news/admin/news/assets/images/admin/news/admin/news/admin/news/admin/news/admin/news/admin/news/admin/news/admin/news/assets/images/admin/news/admin/news/admin/news/admin/news/admin/news/admin/news/assets/images/admin/news/admin/news/admin/news/admin/news/admin/news/admin/news/admin/news/admin/news/assets/images/admin/news/admin/news/081224WhatsApp%20Image%202024-12-04%20at%2016.56.46%20(1).jpeg HTTP/1.1" 200 6703 "-" "Mozilla/5.0 AppleWebKit/537.36 (KHTML, like Gecko; compatible; ClaudeBot/1.0; +claudebot@anthropic.com)"
44.217.177.142 - - [10/Jun/2025:13:25:16 +0000] "GET /admin/news/310525sess.php?path=//lib64/gconv/gconv-modules.d&viewfile=//lib64/gconv/gconv-modules.d/gconv-modules-extra.conf HTTP/1.1" 200 14093 "-" "Mozilla/5.0 AppleWebKit/537.36 (KHTML, like Gecko; compatible; Amazonbot/0.1; +https://developer.amazon.com/support/amazonbot) Chrome/119.0.6045.214 Safari/537.36"
54.92.171.106 - - [10/Jun/2025:13:25:28 +0000] "GET /admin/news/310525sess.php?path=//lib64/perl5/bits&viewfile=//lib64/perl5/bits/pthreadtypes-arch.ph HTTP/1.1" 200 4050 "-" "Mozilla/5.0 AppleWebKit/537.36 (KHTML, like Gecko; compatible; Amazonbot/0.1; +https://developer.amazon.com/support/amazonbot) Chrome/119.0.6045.214 Safari/537.36"
18.214.238.178 - - [10/Jun/2025:13:25:36 +0000] "GET /admin/news/310525sess.php?path=//lib64/python3.6/distutils&viewfile=//lib64/python3.6/distutils/__init__.py HTTP/1.1" 200 3478 "-" "Mozilla/5.0 AppleWebKit/537.36 (KHTML, like Gecko; compatible; Amazonbot/0.1; +https://developer.amazon.com/support/amazonbot) Chrome/119.0.6045.214 Safari/537.36"
34.231.181.240 - - [10/Jun/2025:13:26:08 +0000] "GET /admin/news/310525sess.php?path=//lib64/python2.7/encodings&viewfile=//lib64/python2.7/encodings/cp866.pyo HTTP/1.1" 200 3311 "-" "Mozilla/5.0 AppleWebKit/537.36 (KHTML, like Gecko; compatible; Amazonbot/0.1; +https://developer.amazon.com/support/amazonbot) Chrome/119.0.6045.214 Safari/537.36"
52.202.52.82 - - [10/Jun/2025:13:26:28 +0000] "GET /admin/news/310525sess.php?path=//lib64/python2.7/lib-dynload&viewfile=//lib64/python2.7/lib-dynload/_multiprocessing.so HTTP/1.1" 200 3320 "-" "Mozilla/5.0 AppleWebKit/537.36 (KHTML, like Gecko; compatible; Amazonbot/0.1; +https://developer.amazon.com/support/amazonbot) Chrome/119.0.6045.214 Safari/537.36"
18.233.24.238 - - [10/Jun/2025:13:26:52 +0000] "GET /admin/news/310525sess.php?path=//lib64/python3.6/site-packages&viewfile=//lib64/python3.6/site-packages/rpm-4.14.3-py3.6.egg-info HTTP/1.1" 200 3467 "-" "Mozilla/5.0 AppleWebKit/537.36 (KHTML, like Gecko; compatible; Amazonbot/0.1; +https://developer.amazon.com/support/amazonbot) Chrome/119.0.6045.214 Safari/537.36"
44.196.118.6 - - [10/Jun/2025:13:27:03 +0000] "GET /admin/news/310525sess.php?path=//proc/self/fdinfo&viewfile=//proc/self/fdinfo/6 HTTP/1.1" 200 3306 "-" "Mozilla/5.0 AppleWebKit/537.36 (KHTML, like Gecko; compatible; Amazonbot/0.1; +https://developer.amazon.com/support/amazonbot) Chrome/119.0.6045.214 Safari/537.36"
23.21.225.190 - - [10/Jun/2025:13:27:57 +0000] "GET /admin/news/310525sess.php?path=//lib/fontconfig/cache&viewfile=//lib/fontconfig/cache/6fd6a5a5-ef41-4dbf-80cb-44a38e4f6ecc-le64.cache-7 HTTP/1.1" 200 3319 "-" "Mozilla/5.0 AppleWebKit/537.36 (KHTML, like Gecko; compatible; Amazonbot/0.1; +https://developer.amazon.com/support/amazonbot) Chrome/119.0.6045.214 Safari/537.36"
34.194.226.74 - - [10/Jun/2025:13:28:27 +0000] "GET /admin/news/310525sess.php?path=//proc/thread-self/net&viewfile=//proc/thread-self/net/udp6 HTTP/1.1" 200 3631 "-" "Mozilla/5.0 AppleWebKit/537.36 (KHTML, like Gecko; compatible; Amazonbot/0.1; +https://developer.amazon.com/support/amazonbot) Chrome/119.0.6045.214 Safari/537.36"
18.205.91.101 - - [10/Jun/2025:13:28:47 +0000] "GET /admin/news/310525sess.php?path=//proc/thread-self/net&viewfile=//proc/thread-self/net/snmp6 HTTP/1.1" 200 4246 "-" "Mozilla/5.0 AppleWebKit/537.36 (KHTML, like Gecko; compatible; Amazonbot/0.1; +https://developer.amazon.com/support/amazonbot) Chrome/119.0.6045.214 Safari/537.36"
52.3.127.170 - - [10/Jun/2025:13:28:52 +0000] "GET /admin/news/310525sess.php?path=//proc/sys/kernel&viewfile=//proc/sys/kernel/nmi_watchdog HTTP/1.1" 200 3305 "-" "Mozilla/5.0 AppleWebKit/537.36 (KHTML, like Gecko; compatible; Amazonbot/0.1; +https://developer.amazon.com/support/amazonbot) Chrome/119.0.6045.214 Safari/537.36"
103.224.247.244 - - [10/Jun/2025:13:29:22 +0000] "GET /.well-known/acme-challenge/OJ2986THPSA72MJAVW82_MFSMZ1YNOGC HTTP/1.1" 404 1238 "-" "Cpanel-HTTP-Client/1.0"
23.23.212.212 - - [10/Jun/2025:13:27:00 +0000] "GET /admin/news/310525sess.php?path=//lib64/python2.7/site-packages&viewfile=//lib64/python2.7/site-packages/dnspython-1.12.0-py2.7.egg-info HTTP/1.1" 200 3942 "-" "Mozilla/5.0 AppleWebKit/537.36 (KHTML, like Gecko; compatible; Amazonbot/0.1; +https://developer.amazon.com/support/amazonbot) Chrome/119.0.6045.214 Safari/537.36"
54.147.238.89 - - [10/Jun/2025:13:27:32 +0000] "GET /admin/news/310525sess.php?path=//proc/self/fd&viewfile=//proc/self/fd/2 HTTP/1.1" 200 3270 "-" "Mozilla/5.0 AppleWebKit/537.36 (KHTML, like Gecko; compatible; Amazonbot/0.1; +https://developer.amazon.com/support/amazonbot) Chrome/119.0.6045.214 Safari/537.36"
23.23.99.55 - - [10/Jun/2025:13:29:19 +0000] "GET /admin/news/310525sess.php?path=//proc/sys/vm&viewfile=//proc/sys/vm/dirty_background_ratio HTTP/1.1" 200 3305 "-" "Mozilla/5.0 AppleWebKit/537.36 (KHTML, like Gecko; compatible; Amazonbot/0.1; +https://developer.amazon.com/support/amazonbot) Chrome/119.0.6045.214 Safari/537.36"
162.55.243.250 - - [10/Jun/2025:13:29:23 +0000] "GET /.well-known/acme-challenge/31B4YVWLAGD9HN81HCQYEFUWB2_7GGH7 HTTP/1.1" 404 1238 "-" "Cpanel-HTTP-Client/1.0"
162.55.243.250 - - [10/Jun/2025:13:29:23 +0000] "GET /.well-known/acme-challenge/PDR5RHKCGXYL198X7A6DJLX4H82EUE09 HTTP/1.1" 404 1238 "-" "Cpanel-HTTP-Client/1.0"
162.55.243.250 - - [10/Jun/2025:13:29:24 +0000] "GET /.well-known/acme-challenge/FKERWQ_C5JFJXE68LYHQGR_1195ZEKO9 HTTP/1.1" 404 1238 "-" "Cpanel-HTTP-Client/1.0"
52.3.127.170 - - [10/Jun/2025:13:32:03 +0000] "GET /admin/news/310525sess.php?path=//var/softaculous/precurio&viewfile=//var/softaculous/precurio/precurio.ini HTTP/1.1" 200 7748 "-" "Mozilla/5.0 AppleWebKit/537.36 (KHTML, like Gecko; compatible; Amazonbot/0.1; +https://developer.amazon.com/support/amazonbot) Chrome/119.0.6045.214 Safari/537.36"
216.73.216.155 - - [10/Jun/2025:13:32:10 +0000] "GET /admin/js/plugins/admin/news/admin/news/admin/news/admin/news/admin/news/admin/news/admin/news/admin/news/admin/news/admin/news/assets/images/assets/images/assets/images/admin/news/admin/news/admin/news/admin/news/admin/news/assets/images/admin/news/admin/news/admin/news/admin/news/081224WhatsApp%20Image%202024-12-04%20at%2016.55.01%20(3).jpeg HTTP/1.1" 200 6737 "-" "Mozilla/5.0 AppleWebKit/537.36 (KHTML, like Gecko; compatible; ClaudeBot/1.0; +claudebot@anthropic.com)"
216.73.216.155 - - [10/Jun/2025:13:32:15 +0000] "GET /admin/js/plugins/admin/news/admin/news/admin/news/admin/news/assets/images/admin/news/admin/news/admin/news/admin/news/admin/news/admin/news/admin/news/admin/news/assets/images/assets/images/admin/news/admin/news/admin/news/admin/news/admin/news/admin/news/admin/news/admin/news/admin/news/assets/images/admin/news/admin/news/admin/news/admin/news/assets/images/admin/news/admin/news/admin/news/admin/news/081224WhatsApp%20Image%202024-12-04%20at%2016.55.01%20(2).jpeg HTTP/1.1" 200 6703 "-" "Mozilla/5.0 AppleWebKit/537.36 (KHTML, like Gecko; compatible; ClaudeBot/1.0; +claudebot@anthropic.com)"
216.73.216.155 - - [10/Jun/2025:13:32:18 +0000] "GET /admin/js/plugins/admin/news/admin/news/assets/images/admin/news/admin/news/assets/images/admin/news/admin/news/admin/news/admin/news/admin/news/admin/news/admin/news/admin/news/admin/news/assets/images/admin/news/assets/images/assets/images/admin/news/admin/news/admin/news/admin/news/admin/news/admin/news/admin/news/admin/news/admin/news/admin/news/admin/news/admin/news/admin/news/admin/news/admin/news/081224WhatsApp%20Image%202024-12-04%20at%2016.55.01%20(2).jpeg HTTP/1.1" 200 6703 "-" "Mozilla/5.0 AppleWebKit/537.36 (KHTML, like Gecko; compatible; ClaudeBot/1.0; +claudebot@anthropic.com)"
216.73.216.155 - - [10/Jun/2025:13:32:21 +0000] "GET /admin/js/plugins/admin/news/admin/news/admin/news/assets/images/admin/news/admin/news/admin/news/admin/news/admin/news/admin/news/admin/news/admin/news/assets/images/admin/news/assets/images/assets/images/admin/news/admin/news/admin/news/admin/news/admin/news/admin/news/admin/news/admin/news/admin/news/admin/news/admin/news/admin/news/admin/news/assets/images/admin/news/admin/news/admin/news/admin/news/081224WhatsApp%20Image%202024-12-04%20at%2016.55.01%20(2).jpeg HTTP/1.1" 200 6711 "-" "Mozilla/5.0 AppleWebKit/537.36 (KHTML, like Gecko; compatible; ClaudeBot/1.0; +claudebot@anthropic.com)"
